{"id":4905,"date":"2020-11-30T13:05:43","date_gmt":"2020-11-30T06:05:43","guid":{"rendered":"https:\/\/korea.com.vn\/shop\/san-pham\/import-placeholder-for-4719\/"},"modified":"2020-12-21T10:35:19","modified_gmt":"2020-12-21T03:35:19","slug":"serum-bach-tuyet-snow-white-genie","status":"publish","type":"product","link":"https:\/\/korea.com.vn\/shop\/san-pham\/serum-bach-tuyet-snow-white-genie\/","title":{"rendered":"Serum b\u1ea1ch tuy\u1ebft  SNOW WHITE GENIE"},"content":{"rendered":"<p>SERUM B\u1ea0CH TUY\u1ebeT SNOW WHITE GENIE<br \/>\n\u2022 V\u1edbi 50% chi\u1ebft xu\u1ea5t d\u01b0\u1ee1ng da (chi\u1ebft xu\u1ea5t hoa h\u1ed3ng, tr\u00e1i l\u1ef1u \u0111\u1ecf, n\u1ee5 t\u1ea7m xu\u00e2n, super Hyaluronic Acid) gi\u00fap da m\u1ecbn m\u01b0\u1ee3t, ch\u1ed1ng oxi h\u00f3a v\u00e0 ng\u0103n ch\u1eb7n t\u00ecnh tr\u1ea1ng l\u00e3o h\u00f3a s\u1edbm do t\u00e1c h\u1ea1i tia UV.<br \/>\n\u2022 C\u00f3 th\u1ec3 l\u00e0m l\u00f3t trang \u0111i\u1ec3m gi\u00fap b\u1ea3o v\u1ec7 l\u00e0n da ngo\u00e0i ra serum c\u00f2n ch\u1ee9a th\u00e0nh ph\u1ea7n d\u01b0\u1ee1ng \u1ea9m \u0111\u1ec3 ng\u0103n ch\u1eb7n l\u00e0n da c\u1ee7a b\u1ea1n kh\u1ecfi b\u1ecb kh\u00f4 trong ng\u00e0y.<img src=\"https:\/\/vyparisspa.vn\/uploads\/editer\/images\/QLHajwon%20467.JPG\" alt=\"\" \/><br \/>\n<strong>+C\u00f4ng d\u1ee5ng s\u1ea3n ph\u1ea9m:<\/strong><br \/>\n1) D\u01b0\u1ee1ng tr\u1eafng da chuy\u00ean s\u00e2u<br \/>\n2) Th\u00fac \u0111\u1ea9y t\u0103ng tr\u01b0\u1edfng t\u1ebf b\u00e0o, l\u00e0m tr\u1ebb h\u00f3a v\u00e0 t\u00e1i t\u1ea1o da.<br \/>\n3) Gi\u1ea3m n\u1ebfp nh\u0103n hi\u1ec7u qu\u1ea3 v\u00e0 ch\u1ed1ng l\u00e3o h\u00f3a da.<br \/>\n4) Gi\u00fap ch\u1eefa l\u00e0nh nhanh ch\u00f3ng<br \/>\n5) L\u00e0m m\u1edd c\u00e1c \u0111\u1ed1m \u0111\u1ed5i m\u00e0u, c\u00e1c khuy\u1ebft \u0111i\u1ec3m tr\u00ean da.<br \/>\n6) L\u00e0m d\u1ecbu v\u00e0 nu\u00f4i d\u01b0\u1ee1ng l\u00e0n da sau khi ti\u1ebfp x\u00fac v\u1edbi \u00e1nh m\u1eb7t tr\u1eddi.<br \/>\n<img src=\"https:\/\/vyparisspa.vn\/uploads\/editer\/images\/QLHajwon%20468.JPG\" alt=\"\" \/><br \/>\n&#8211; Gi\u1ecdt Serum trong veo v\u00e0 nh\u1eb9 nh\u01b0 n\u01b0\u1edbc nh\u01b0ng ch\u1ee9a c\u1ef1c k\u00ec nhi\u1ec1u d\u01b0\u1ee1ng ch\u1ea5t thi\u1ebft y\u1ebfu cho da, kh\u00f4ng l\u00e0m b\u00ed l\u1ed7 ch\u00e2n l\u00f4ng m\u00e0 c\u00f2n th\u1ea5m r\u1ea5t t\u1ed1t, thi\u1ebft l\u1eadp t\u1eebng t\u1ebf b\u00e0o da m\u1ed9t c\u00e1ch hi\u1ec7u qu\u1ea3.<\/p>\n","protected":false},"excerpt":{"rendered":"<p>V\u1edbi 50% chi\u1ebft xu\u1ea5t d\u01b0\u1ee1ng da (chi\u1ebft xu\u1ea5t hoa h\u1ed3ng, tr\u00e1i l\u1ef1u \u0111\u1ecf, n\u1ee5 t\u1ea7m xu\u00e2n, super Hyaluronic Acid) gi\u00fap da m\u1ecbn m\u01b0\u1ee3t, ch\u1ed1ng oxi h\u00f3a v\u00e0 ng\u0103n ch\u1eb7n t\u00ecnh tr\u1ea1ng l\u00e3o h\u00f3a s\u1edbm do t\u00e1c h\u1ea1i tia UV. C\u00f3 th\u1ec3 l\u00e0m l\u00f3t trang \u0111i\u1ec3m gi\u00fap b\u1ea3o v\u1ec7 l\u00e0n da ngo\u00e0i ra serum c\u00f2n ch\u1ee9a th\u00e0nh ph\u1ea7n d\u01b0\u1ee1ng \u1ea9m \u0111\u1ec3 ng\u0103n ch\u1eb7n l\u00e0n da c\u1ee7a b\u1ea1n kh\u1ecfi b\u1ecb kh\u00f4 trong ng\u00e0y.<\/p>\n","protected":false},"featured_media":1795,"comment_status":"closed","ping_status":"closed","template":"","meta":[],"_links":{"self":[{"href":"https:\/\/korea.com.vn\/shop\/wp-json\/wp\/v2\/product\/4905"}],"collection":[{"href":"https:\/\/korea.com.vn\/shop\/wp-json\/wp\/v2\/product"}],"about":[{"href":"https:\/\/korea.com.vn\/shop\/wp-json\/wp\/v2\/types\/product"}],"replies":[{"embeddable":true,"href":"https:\/\/korea.com.vn\/shop\/wp-json\/wp\/v2\/comments?post=4905"}],"wp:featuredmedia":[{"embeddable":true,"href":"https:\/\/korea.com.vn\/shop\/wp-json\/wp\/v2\/media\/1795"}],"wp:attachment":[{"href":"https:\/\/korea.com.vn\/shop\/wp-json\/wp\/v2\/media?parent=4905"}],"curies":[{"name":"wp","href":"https:\/\/api.w.org\/{rel}","templated":true}]}}