{"id":4906,"date":"2020-11-30T13:05:43","date_gmt":"2020-11-30T06:05:43","guid":{"rendered":"https:\/\/korea.com.vn\/shop\/san-pham\/import-placeholder-for-4720\/"},"modified":"2020-12-21T10:38:09","modified_gmt":"2020-12-21T03:38:09","slug":"tinh-cha%cc%82t-boc-tach-nam-tan-nhang-fgf7","status":"publish","type":"product","link":"https:\/\/korea.com.vn\/shop\/san-pham\/tinh-cha%cc%82t-boc-tach-nam-tan-nhang-fgf7\/","title":{"rendered":"Tinh ch\u1ea5t b\u00f3c t\u00e1ch n\u00e1m t\u00e0n nhang  FGF7"},"content":{"rendered":"<p>&#8216;+ TINH CHA\u0302\u0301T BO\u0301C TA\u0301CH NA\u0301M TA\u0300N NHANG FGF7<br \/>\nnhu\u0301t sa\u0323ch ha\u0306\u0301c to\u0302\u0301 tre\u0302n be\u0302\u0300 ma\u0323\u0306t, loa\u0323i bo\u0309 mo\u0323\u0302t pha\u0302\u0300n go\u0302\u0301c ta\u0323i trung bi\u0300 va\u0300 cuo\u0302\u0301i cu\u0300ng la\u0300 \u0111a\u0301nh tan go\u0302\u0301c na\u0301m, \u0111a\u0300o tha\u0309i chu\u0301ng ra ngoa\u0300i.<br \/>\n<strong>Th\u00e0nh ph\u1ea7n s\u1ea3n ph\u1ea9m<\/strong><br \/>\n&#8211; Chu\u031b\u0301a tha\u0300nh pha\u0302\u0300n chi\u0301nh la\u0300 Hydroquinone 4% \u2013 hoa\u0323t cha\u0302\u0301t co\u0301 hie\u0323\u0302u qua\u0309 ro\u0303 re\u0323\u0302t trong vie\u0323\u0302c \u0111ie\u0302\u0300u tri\u0323 ca\u0301c va\u0302\u0301n \u0111e\u0302\u0300 gia lie\u0302\u0303u do gia ta\u0306ng sa\u0306\u0301c to\u0302\u0301. Tha\u0300nh pha\u0302\u0300n na\u0300y co\u0301 kha\u0309 na\u0306ng u\u031b\u0301c che\u0302\u0301 enzyme tyrosinase nha\u0306\u0300m la\u0300m gia\u0309m qua\u0301 tri\u0300nh to\u0302\u0309ng ho\u031b\u0323p sa\u0306\u0301c to\u0302\u0301 melanin. Vo\u031b\u0301i co\u031b che\u0302\u0301 na\u0300y, FGF7 co\u0301 kha\u0309 na\u0306ng la\u0300m mo\u031b\u0300 \u0111o\u0302\u0301m ta\u0300n nhang va\u0300 na\u0301m da ro\u0303 re\u0323\u0302t chi\u0309 sau 2 \u2013 3 tha\u0301ng su\u031b\u0309 du\u0323ng.<br \/>\n&#8211; \u0110u\u031bo\u031b\u0323c ba\u0300o che\u0302\u0301 vo\u031b\u0301i ke\u0302\u0301t ca\u0302\u0301u mo\u0309ng nhe\u0323 co\u0301 kha\u0309 na\u0306ng tha\u0302\u0301m sa\u0302u va\u0300o ca\u0301c mo\u0302 da nha\u0306\u0300m thu\u0301c \u0111a\u0302\u0309y da ta\u0301i ta\u0323o va\u0300 u\u031b\u0301c che\u0302\u0301 ca\u0301c te\u0302\u0301 ba\u0300o melanin ti\u0301ch tu\u0323 o\u031b\u0309 thu\u031bo\u031b\u0323ng bi\u0300.<br \/>\n<strong>Ca\u0301ch s\u1eed du\u0323ng: <\/strong><br \/>\nDu\u0300ng lie\u0302\u0300u lu\u031bo\u031b\u0323ng nho\u0309 thoa va\u0300o ngay be\u0302n du\u031bo\u031b\u0301i lo\u031b\u0301p da tre\u0302n mo\u0323\u0302t die\u0323\u0302n ro\u0323\u0302ng, ta\u0301c \u0111o\u0323\u0302ng tru\u031b\u0323c tie\u0302\u0301p va\u0300o nhu\u031b\u0303ng no\u031bi ca\u0302\u0300n \u0111ie\u0302\u0300u tri\u0323.<\/p>\n","protected":false},"excerpt":{"rendered":"<p>Hu\u0301t sa\u0323ch ha\u0306\u0301c to\u0302\u0301 tre\u0302n be\u0302\u0300 ma\u0323\u0306t, loa\u0323i bo\u0309 mo\u0323\u0302t pha\u0302\u0300n go\u0302\u0301c ta\u0323i trung bi\u0300 va\u0300 cuo\u0302\u0301i cu\u0300ng la\u0300 \u0111a\u0301nh tan go\u0302\u0301c na\u0301m, \u0111a\u0300o tha\u0309i chu\u0301ng ra ngoa\u0300i.<\/p>\n","protected":false},"featured_media":4921,"comment_status":"closed","ping_status":"closed","template":"","meta":[],"_links":{"self":[{"href":"https:\/\/korea.com.vn\/shop\/wp-json\/wp\/v2\/product\/4906"}],"collection":[{"href":"https:\/\/korea.com.vn\/shop\/wp-json\/wp\/v2\/product"}],"about":[{"href":"https:\/\/korea.com.vn\/shop\/wp-json\/wp\/v2\/types\/product"}],"replies":[{"embeddable":true,"href":"https:\/\/korea.com.vn\/shop\/wp-json\/wp\/v2\/comments?post=4906"}],"wp:featuredmedia":[{"embeddable":true,"href":"https:\/\/korea.com.vn\/shop\/wp-json\/wp\/v2\/media\/4921"}],"wp:attachment":[{"href":"https:\/\/korea.com.vn\/shop\/wp-json\/wp\/v2\/media?parent=4906"}],"curies":[{"name":"wp","href":"https:\/\/api.w.org\/{rel}","templated":true}]}}