{"id":4918,"date":"2020-11-30T13:05:45","date_gmt":"2020-11-30T06:05:45","guid":{"rendered":"https:\/\/korea.com.vn\/shop\/san-pham\/import-placeholder-for-4736\/"},"modified":"2020-12-21T10:47:35","modified_gmt":"2020-12-21T03:47:35","slug":"huyet-thanh-tri-tham-virgin-peach-genie","status":"publish","type":"product","link":"https:\/\/korea.com.vn\/shop\/san-pham\/huyet-thanh-tri-tham-virgin-peach-genie\/","title":{"rendered":"Huy\u1ebft thanh tr\u1ecb th\u00e2m  3 IN 1 VIRGIN PEACH"},"content":{"rendered":"<p>Huy\u1ebft thanh tr\u1ecb th\u00e2m 3 in 1 Virgin Peach Genie NH\u0168 N\u00c1CH B\u1eb8N tr\u1ecb l\u00e1ng h\u1ebft nha t\u00edch h\u1ee3p lun si\u00eau hay<br \/>\nTH\u00c2M TR\u00caN TH\u00c2M D\u01af\u1edaI TH\u00c2M CH\u1ed6 N\u00c0O H\u1ed2NG NGAY CH\u1ed6 \u0110\u00d3 SAU 7 NG\u00c0Y Th\u00e2m c\u01a1 \u0111\u1ecba b\u1ea9m sinh, sau sinh, hay do n\u1ed9i ti\u1ebft \u0111\u1ec1u \u1eecNG H\u1ed2NG H\u1ebft, \u0111\u1eebng m\u00e3i ch\u0103m s\u00f3c b\u00ean ngo\u00e0i m\u00e0 m\u1ea5y v\u00f9ng b\u00ean trong c\u1edfi ra th\u00e2m x\u00ec mu\u1ed1n x\u1ec9u nha<\/p>\n<p>Sau 7 ng\u00e0y th\u1ea5y li\u1ec1n hi\u1ec7u qu\u1ea3 . Kh\u1eed th\u00e2m v\u00e0 h\u1ed3ng l\u00ean r\u1ea5t t\u1ef1 nhi\u00ean. L\u01b0u \u00fd \u0111\u00e2y l\u00e0 huy\u1ebft thanh ko ph\u1ea3i peel l\u1ed9t g\u00ec nh\u00e9, tr\u00ean th\u1ecb tr\u01b0\u1eddng l\u00e0 peel l\u1ed9t l\u1ea1i l\u1edbp da m\u1edbi nh\u01b0ng \u0111\u01b0\u1ee3c th\u1eddi gian ban \u0111\u1ea7u r\u1ed3i s\u1ebd t\u00e1i l\u1ea1i. Ri\u00eang huy\u1ebft thanh Virgin Peach Genie cam k\u1ebft 1 \u0111\u1ec1n 3 n\u1ebfu ko hi\u1ec7u qu\u1ea3.<\/p>\n<p>C\u00f4ng d\u1ee5ng ch\u00ednh<br \/>\nCung c\u1ea5p d\u01b0\u1ee1ng ch\u1ea5t gi\u00fap ph\u1ee5c h\u1ed3i nhanh ch\u00f3ng c\u00e1c v\u1ebft n\u1ee9t \u1edf \u0111\u1ea7u nh\u0169 hoa,v\u00f9ng n\u00e1ch, b\u1eb9n tr\u1ea3 l\u1ea1i v\u1ebb c\u0103ng \u0111\u1ea7y v\u00e0 m\u1ecbn m\u00e0ng c\u1ee7a l\u00e0n da<br \/>\nB\u1ed5 sung collagen gi\u00fap c\u1ea3i thi\u1ec7n nh\u1eefng s\u1eafc t\u1ed1 da s\u1ea1m m\u00e0u v\u00e0 v\u00f9ng da th\u00f4 r\u00e1p, l\u1ea5p \u0111\u1ea7y c\u00e1c n\u1ebfp nh\u0103n, \u0111\u1ed3ng th\u1eddi t\u0103ng c\u01b0\u1eddng \u0111\u1ed9 \u0111\u00e0n h\u1ed3i c\u1ee7a l\u00e0n da khu v\u1ef1c nh\u0169 hoa.<br \/>\nH\u1ed7 tr\u1ee3 ng\u0103n ng\u1eeba v\u00e0 \u0111\u1ea9y l\u00f9i h\u1eafc t\u1ed1 melanin g\u00e2y t\u1ed1i m\u00e0u da v\u00f9ng th\u00e2m, t\u00e1i t\u1ea1o l\u1ea1i m\u00e0u s\u1eafc h\u1ed3ng t\u01b0\u01a1i t\u1ef1 nhi\u00ean nh\u01b0 tu\u1ed5i 18.<br \/>\nS\u1ea3n ph\u1ea9m chi\u1ebft xu\u1ea5t 100% h\u1eefu c\u01a1 n\u00ean an to\u00e0n v\u00e0 th\u00edch h\u1ee3p ngay c\u1ea3 v\u1edbi nh\u1eefng l\u00e0n da nh\u1ea1y c\u1ea3m.<br \/>\nCh\u1ec9 1 li\u1ec7u tr\u00ecnh duy nh\u1ea5t<br \/>\n&#8211; xu\u1ea5t x\u1ee9 H\u00e0n Qu\u1ed1c<\/p>\n","protected":false},"excerpt":{"rendered":"<p>Sau 7 ng\u00e0y th\u1ea5y li\u1ec1n hi\u1ec7u qu\u1ea3 . Kh\u1eed th\u00e2m v\u00e0 h\u1ed3ng l\u00ean r\u1ea5t t\u1ef1 nhi\u00ean. L\u01b0u \u00fd \u0111\u00e2y l\u00e0 huy\u1ebft thanh ko ph\u1ea3i peel l\u1ed9t g\u00ec nh\u00e9, tr\u00ean th\u1ecb tr\u01b0\u1eddng l\u00e0 peel l\u1ed9t l\u1ea1i l\u1edbp da m\u1edbi nh\u01b0ng \u0111\u01b0\u1ee3c th\u1eddi gian ban \u0111\u1ea7u r\u1ed3i s\u1ebd t\u00e1i l\u1ea1i. Ri\u00eang huy\u1ebft thanh Virgin Peach Genie cam k\u1ebft 1 \u0111\u1ec1n 3 n\u1ebfu ko hi\u1ec7u qu\u1ea3.<\/p>\n","protected":false},"featured_media":1819,"comment_status":"closed","ping_status":"closed","template":"","meta":[],"_links":{"self":[{"href":"https:\/\/korea.com.vn\/shop\/wp-json\/wp\/v2\/product\/4918"}],"collection":[{"href":"https:\/\/korea.com.vn\/shop\/wp-json\/wp\/v2\/product"}],"about":[{"href":"https:\/\/korea.com.vn\/shop\/wp-json\/wp\/v2\/types\/product"}],"replies":[{"embeddable":true,"href":"https:\/\/korea.com.vn\/shop\/wp-json\/wp\/v2\/comments?post=4918"}],"wp:featuredmedia":[{"embeddable":true,"href":"https:\/\/korea.com.vn\/shop\/wp-json\/wp\/v2\/media\/1819"}],"wp:attachment":[{"href":"https:\/\/korea.com.vn\/shop\/wp-json\/wp\/v2\/media?parent=4918"}],"curies":[{"name":"wp","href":"https:\/\/api.w.org\/{rel}","templated":true}]}}