{"id":4925,"date":"2020-11-30T13:05:58","date_gmt":"2020-11-30T06:05:58","guid":{"rendered":"https:\/\/korea.com.vn\/shop\/san-pham\/import-placeholder-for-4742\/"},"modified":"2020-12-09T15:06:58","modified_gmt":"2020-12-09T08:06:58","slug":"vien-uong-se-khit","status":"publish","type":"product","link":"https:\/\/korea.com.vn\/shop\/san-pham\/vien-uong-se-khit\/","title":{"rendered":"VI\u00caN U\u1ed0NG SE KH\u00cdT"},"content":{"rendered":"<p>V\u1edbi c\u01a1 th\u1ec3 sau khi tr\u1ea3i qua giai \u0111o\u1ea1n sinh n\u1edf: Th\u00e0nh \u00e2m \u0111\u1ea1o c\u1ee7a b\u1ea1n b\u1ecb t\u1ed5n th\u01b0\u01a1ng khi\u1ebfn c\u00e1c s\u1ee3i collagen li\u00ean k\u1ebft b\u1ecb \u0111\u1ee9t g\u00e3y g\u00e2y t\u00ecnh tr\u1ea1ng l\u00e3o h\u00f3a, r\u1ed9ng v\u00e0 m\u1ed9t s\u1ed1 tr\u01b0\u1eddng h\u1ee3p n\u1eb7ng h\u01a1n nh\u01b0 kh\u00f4 \u00e2m \u0111\u1ea1o, bu\u1ed1t&#8230;. khi\u1ebfn cho c\u00e1c ch\u1ecb m\u1eb7c c\u1ea3m<\/p>\n<p>Vi\u00ean u\u1ed1ng c\u00f3 t\u00e1c d\u1ee5ng th\u00fac \u0111\u1ea9y t\u1ed5ng h\u1ee3p c\u00e1c ch\u1ea5t , t\u00e1i sinh c\u00e1c s\u1ee3i collagen, t\u0103ng s\u1ef1 \u0111\u00e0n h\u1ed3i l\u1ea1i cho c\u00f4 b\u00e9, gi\u00fap v\u00f9ng \u00e2m \u0111\u1ea1o \u0111\u01b0\u1ee3c kh\u00edt ch\u1eafc, m\u00f4i d\u01b0\u1edbi s\u0103n ch\u1eafc v\u00e0 thon g\u1ecdn h\u01a1n \u0111\u00f3 n\u00e8. Ngo\u00e0i t\u00e1c d\u1ee5ng tr\u00ean th\u00ec vi\u00ean u\u1ed1ng c\u00f2n h\u1ed7 tr\u1ee3 gi\u1ea3m th\u00e2m, gi\u1ea3m m\u00f9i h\u00f4i v\u00e0 gi\u1ea3m \u0111au ng\u00e0y \u0111\u00e8n \u0111\u1ecf<br \/>\n<strong>Th\u00e0nh ph\u1ea7n<\/strong>:<br \/>\n\u25cf Vi\u00ean u\u1ed1ng se kh\u00edt v\u00f9ng k\u00edn genie 20 yrs forever chi\u1ebft xu\u1ea5t t\u1eeb th\u00e0nh ph\u1ea7n thi\u00ean nhi\u00ean:<br \/>\n\u25cf B\u1ed9t cao h\u1ed3ng s\u00e2m, s\u1eefa ong ch\u00faa, th\u1ea3o m\u1ed9c<br \/>\n\u25cf Coenzyme Q10, vitamin C, A, B1, B5, B6, Zn<br \/>\n\u25cf Tinh ch\u1ea5t cam, tr\u00e1i hoa h\u00f2e<\/p>\n<p><strong>C\u00d4NG D\u1ee4NG CH\u00cdNH<\/strong><br \/>\n&#8211; Se kh\u00edt v\u00f9ng k\u00edn, lo\u1ea1i b\u1ecf t\u00ecnh tr\u1ea1ng r\u1ed9ng v\u00f9ng k\u00edn. Nguy\u00ean nh\u00e2n l\u00e0 do c\u01a1 v\u00f9ng k\u00edn s\u1ebd \u0111\u01b0\u1ee3c cung c\u1ea5p dinh d\u01b0\u1ee1ng n\u00ean v\u00f9ng c\u01a1 s\u1ebd tr\u1edf n\u00ean s\u0103n ch\u1eafc h\u01a1n.<br \/>\n&#8211; L\u00e0m s\u1ea1ch v\u00f9ng k\u00edn, ph\u00f2ng ch\u1ed1ng m\u1ecdi nguy c\u01a1 vi\u00eam nhi\u1ec5m n\u1ea5m, ng\u1ee9a v\u00e0 k\u00edch \u1ee9ng.<br \/>\n&#8211; Lo\u1ea1i b\u1ecf ho\u00e0n to\u00e0n t\u00ecnh tr\u1ea1ng kh\u00f4 v\u00e0 c\u00f3 m\u00f9i kh\u00f3 ch\u1ecbu, co th\u1eaft k\u1ef3 kinh nguy\u1ec7t (Ch\u1ee9ng \u0111au b\u1ee5ng kinh), \u0111i ti\u1ec3u kh\u00f4ng t\u1ef1 ch\u1ee7. Gi\u1ea3m tri\u1ec7u ch\u1ee9ng kinh nguy\u1ec7t kh\u00f4ng \u0111\u1ec1u.<br \/>\n&#8211; Gi\u00fap C\u00e2n B\u1eb1ng N\u1ed9i Ti\u1ebft T\u1ed1 N\u1eef, gi\u00fap ph\u1ee5 n\u1eef tr\u1edf n\u00ean t\u1ef1 tin v\u00e0 quy\u1ebfn r\u0169 h\u01a1n.<br \/>\n+ Vi\u00ean u\u1ed1ng genie 20 yrs forever H\u00e0n Qu\u1ed1c \u0111\u01b0\u1ee3c s\u1ea3n xu\u1ea5t tr\u00ean quy chu\u1ea9n an to\u00e0n, th\u00e0nh ph\u1ea7n th\u1ea3o d\u01b0\u1ee3c thi\u00ean nhi\u00ean, kh\u00f4ng g\u00e2y t\u00e1c d\u1ee5ng ph\u1ee5 nguy hi\u1ec3m \u0111\u1ebfn s\u1ee9c kh\u1ecfe.<br \/>\n+\u00a0S\u1ea3n ph\u1ea9m c\u1ee7a h\u00e3ng Genie uy t\u00edn H\u00e0n Qu\u1ed1c \u0111\u00e3 \u0111\u01b0\u1ee3c ki\u1ec3m ch\u1ee9ng b\u1edfi b\u1ed9 y t\u1ebf H\u00e0n Qu\u1ed1c v\u00e0 FDA Hoa K\u1ef3, \u0111\u00e3 \u0111\u01b0\u1ee3c \u01b0a chu\u1ed9ng tr\u00ean th\u1ecb tr\u01b0\u1eddng ch\u00e2u \u00c1 v\u1edbi t\u00edn hi\u1ec7u t\u00edch c\u1ef1c. Hi\u1ec7u qu\u1ea3 sau 2-3 tu\u1ea7n l\u00e0 ho\u00e0n to\u00e0n c\u00f3 th\u1ec3.<br \/>\n+ Thu h\u1eb9p v\u00f9ng k\u00edn \u0111\u00e3 kh\u00f4ng c\u00f2n l\u00e0 \u0111i\u1ec1u qu\u00e1 kh\u00f3 kh\u0103n n\u1eefa. Thay v\u00ec b\u1ea1n ph\u1ea3i m\u1ea5t r\u1ea5t nhi\u1ec1u ti\u1ec1n v\u00e0 ch\u1ecbu \u0111au \u0111\u1edbn \u0111\u1ec3 ph\u1eabu thu\u1eadt th\u1ea9m m\u1ef9 th\u00ec gi\u1edd \u0111\u00e2y \u0111\u00e3 c\u00f3 Genie h\u1ed7 tr\u1ee3 h\u00e0ng ng\u00e0y gi\u00fap \u201cc\u00f4 b\u00e9 h\u1ed3i xu\u00e2n\u201d m\u1ed9t c\u00e1ch an to\u00e0n. Ngo\u00e0i ra, s\u1ea3n ph\u1ea9m c\u00f2n gi\u00fap l\u00e0m h\u1ed3ng, t\u00e1i t\u1ea1o c\u00f4 b\u00e9 nh\u01b0 tu\u1ed5i 20 v\u00e0 gi\u00fap \u1ed5n \u0111\u1ecbnh n\u1ed9i ti\u1ebft.<br \/>\n+ Vi\u00ean u\u1ed1ng Genie 20yrs Forever 60 vi\u00ean c\u00f3 hi\u1ec7u qu\u1ea3 nhanh v\u00e0 l\u00e2u d\u00e0i.<br \/>\n<strong>\u0110\u1ed1i t\u01b0\u1ee3ng s\u1eed d\u1ee5ng vi\u00ean u\u1ed1ng se kh\u00edt \u00e2m \u0111\u1ea1o Genie:<\/strong><br \/>\n\u271c Ph\u1ee5 n\u1eef sau sinh, quan h\u1ec7 nhi\u1ec1u l\u1ea7n khi\u1ebfn \u00e2m \u0111\u1ea1o m\u1edf r\u1ed9ng<br \/>\n\u271c Ng\u01b0\u1eddi c\u00f3 nhu c\u1ea7u ch\u0103m s\u00f3c \u201cc\u00f4 b\u00e9\u201d t\u01b0\u01a1i tr\u1ebb, h\u1ed3ng h\u00e0o, s\u0103n ch\u1eafc<br \/>\n\u271c S\u1ea3n ph\u1ea9m ph\u00f9 h\u1ee3p v\u1edbi ng\u01b0\u1eddi l\u1edbn, kh\u00f4ng d\u00f9ng cho tr\u1ebb em.<br \/>\n\u271c Ph\u1ee5 n\u1eef mang thai, cho con b\u00fa ho\u1eb7c b\u1ecb ung th\u01b0 kh\u00f4ng n\u00ean s\u1eed d\u1ee5ng.<\/p>\n<p><strong>C\u00c1CH D\u00d9NG:<\/strong><br \/>\nTu\u1ea7n \u0111\u1ea7u ti\u00ean s\u1eed d\u1ee5ng 4 vi\u00ean m\u1ed7i ng\u00e0y ( 2 vi\u00ean s\u00e1ng + 2 vi\u00ean t\u1ed1i).<br \/>\nnSau th\u1eddi gian tr\u00ean b\u1ea1n c\u00f3 th\u1ec3 duy tr\u00ec m\u1ed7i ng\u00e0y 1 vi\u00ean v\u00e0o bu\u1ed5i s\u00e1ng l\u00e0 c\u00f3 th\u1ec3 duy tr\u00ec \u0111\u01b0\u1ee3c k\u1ebft qu\u1ea3 mang l\u1ea1i<\/p>\n","protected":false},"excerpt":{"rendered":"<div class=\"clearfix box\">Gi\u00fap se kh\u00edt v\u00f9ng k\u00edn, c\u00e2n b\u1eb1ng n\u1ed9i ti\u1ebft t\u1ed1 n\u1eef, gi\u00fap ph\u1ee5 n\u1eef t\u1ef1 tin v\u00e0 quy\u1ebfn r\u0169 h\u01a1n S\u1ea3n ph\u1ea9m c\u1ee7a h\u00e3ng Genie uy t\u00edn H\u00e0n Qu\u1ed1c \u0111\u00e3 \u0111\u01b0\u1ee3c ki\u1ec3m ch\u1ee9ng b\u1edfi b\u1ed9 y t\u1ebf H\u00e0n Qu\u1ed1c v\u00e0 FDA Hoa K\u1ef3, \u0111\u00e3 \u0111\u01b0\u1ee3c \u01b0a chu\u1ed9ng tr\u00ean th\u1ecb tr\u01b0\u1eddng ch\u00e2u \u00c1 v\u1edbi t\u00edn hi\u1ec7u t\u00edch c\u1ef1c. Hi\u1ec7u qu\u1ea3 sau 2-3 tu\u1ea7n l\u00e0 ho\u00e0n to\u00e0n c\u00f3 th\u1ec3.<\/div>\n","protected":false},"featured_media":1831,"comment_status":"closed","ping_status":"closed","template":"","meta":[],"_links":{"self":[{"href":"https:\/\/korea.com.vn\/shop\/wp-json\/wp\/v2\/product\/4925"}],"collection":[{"href":"https:\/\/korea.com.vn\/shop\/wp-json\/wp\/v2\/product"}],"about":[{"href":"https:\/\/korea.com.vn\/shop\/wp-json\/wp\/v2\/types\/product"}],"replies":[{"embeddable":true,"href":"https:\/\/korea.com.vn\/shop\/wp-json\/wp\/v2\/comments?post=4925"}],"wp:featuredmedia":[{"embeddable":true,"href":"https:\/\/korea.com.vn\/shop\/wp-json\/wp\/v2\/media\/1831"}],"wp:attachment":[{"href":"https:\/\/korea.com.vn\/shop\/wp-json\/wp\/v2\/media?parent=4925"}],"curies":[{"name":"wp","href":"https:\/\/api.w.org\/{rel}","templated":true}]}}