{"id":4936,"date":"2020-11-30T13:06:00","date_gmt":"2020-11-30T06:06:00","guid":{"rendered":"https:\/\/korea.com.vn\/shop\/san-pham\/import-placeholder-for-4771\/"},"modified":"2020-12-21T10:35:01","modified_gmt":"2020-12-21T03:35:01","slug":"serum-nhuy-hoa-nghe-tay-saffron","status":"publish","type":"product","link":"https:\/\/korea.com.vn\/shop\/san-pham\/serum-nhuy-hoa-nghe-tay-saffron\/","title":{"rendered":"Serum ch\u1ed1ng l\u00e3o h\u00f3a Saffaron GLOW BOOSTER WHITENING AGE DELAY"},"content":{"rendered":"<p>Saffron Serum b\u00ed quy\u1ebft l\u00e0m Si\u00eau se l\u1ed7 ch\u00e2n l\u00f4ng t\u00e1i t\u1ea1o da sau 1 \u0111\u00eam , duy nh\u1ea5t tr\u00ean th\u1ecb tr\u01b0\u1eddng serum Saffron nh\u1ee5y hoa ngh\u1ec7 t\u00e2y &#8211; V\u00e0ng \u0111\u1ecf c\u1ee7a Trung \u0110\u00f4ng. Th\u00e0nh ph\u1ea7n \u0111\u1eaft \u0111\u1ecf nh\u1ea5t th\u1ebf gi\u1edbi nay t\u00edch h\u1ee3p th\u00e0nh serum b\u00f4i th\u00ec c\u00f2n g\u00ec b\u1eb1ng<br \/>\nTr\u1eafng h\u1ed3ng &#8211; tr\u1ecb th\u00e2m n\u00e1m- ch\u1ed1ng l\u00e3o ho\u00e1 t\u1ed1t nh\u1ea5t th\u1ebf gi\u1edbi nh\u1edd c\u00f3 tinh ch\u1ea5t Saffron t\u01b0\u01a1i . \u0110\u01b0\u1ee3c v\u00ed l\u00e0\u201cth\u1ea7n d\u01b0\u1ee3c th\u1ebf k\u1ef7 21\u201d b\u1edfi v\u00ec lo\u1ea1i gia v\u1ecb t\u1ef1 nhi\u00ean n\u00e0y mang \u0111\u1ebfn nh\u1eefng l\u1ee3i \u00edch tuy\u1ec7t v\u1eddi cho s\u1ee9c kh\u1ecfe v\u00e0 l\u00e0m \u0111\u1eb9p da.<br \/>\nSaffron Serum &#8211; glow booster Whitening delay age 30ml chi\u1ebft xu\u1ea5t t\u1eeb 100% nh\u1ee5y hoa ngh\u1ec7 t\u00e2y, l\u00e0 th\u1ea7n d\u01b0\u1ee3c c\u1ea3i l\u00e3o ho\u00e0n \u0111\u1ed3ng cho ch\u1ecb em ph\u1ee5 n\u1eef. ch\u1ee9a r\u1ea5t nhi\u1ec1u d\u01b0\u1ee1ng ch\u1ea5t qu\u00fd gi\u00e1 gi\u00fap ng\u1eeba m\u1ee5n, l\u00e0m gi\u1ea3m v\u1ebft th\u00e2m, h\u1ed7 tr\u1ee3 c\u1ea3i thi\u1ec7n t\u00f4ng da, \u0111\u1ea9y l\u00f9i qu\u1ea7ng th\u00e2m, n\u1ebfp nh\u0103n hi\u1ec7u qu\u1ea3.\u200b<\/p>\n<p><strong>C\u00d4NG D\u1ee4NG:<\/strong><br \/>\n+ C\u1ea3i thi\u1ec7n s\u1eafc t\u1ed1 da, l\u00e0m gi\u1ea3m v\u1ebft th\u00e2m, \u0111\u1eb7c bi\u1ec7t l\u00e0 th\u00e2m m\u1ee5n, n\u00e1m t\u00e0n nhang, cho l\u00e0n da \u0111\u1ec1u m\u00e0u r\u1ea1ng r\u1ee1<br \/>\n+ Th\u00fac \u0111\u1ea9y qu\u00e1 tr\u00ecnh t\u00e1i t\u1ea1o da, c\u1ea3i thi\u1ec7n b\u1ec1 m\u1eb7t da s\u1ea7n s\u00f9i, th\u00f4 r\u00e1p, l\u1ed7 ch\u00e2n l\u00f4ng to,&#8230;<br \/>\n+ Duy tr\u00ec \u0111\u1ed9 \u1ea9m t\u1ef1 nhi\u00ean cho da, ng\u0103n ch\u1eb7n t\u00ecnh tr\u1ea1ng kh\u00f4 bong, n\u1ee9t n\u1ebb.<br \/>\n+ L\u00e0m gi\u1ea3m n\u1ebfp nh\u0103n, t\u0103ng \u0111\u1ed9 \u0111\u00e0n h\u1ed3i cho da<br \/>\n+ Gi\u1ea3m qu\u1ea7ng th\u00e2m gi\u00fap da t\u01b0\u01a1i t\u1eafn, kh\u1ecfe m\u1ea1nh<br \/>\n+ L\u00e0m ch\u1eadm qu\u00e1 tr\u00ecnh l\u00e3o h\u00f3a, duy tr\u00ec l\u00e0n da r\u1ea1ng r\u1ee1, tr\u00e0n \u0111\u1ea7y s\u1ee9c s\u1ed1ng<br \/>\n+ Ph\u1ee5c h\u1ed3i v\u00e0 b\u1ea3o v\u1ec7 l\u00e0n da t\u1ed1t h\u01a1n tr\u01b0\u1edbc t\u00e1c h\u1ea1i t\u1eeb m\u00f4i tr\u01b0\u1eddng, UV.<\/p>\n","protected":false},"excerpt":{"rendered":"<div class=\"clearfix box\">\n<div class=\"clearfix dcontent pdetail-quote\">Saffron Serum &#8211; glow booster Whitening delay age 30ml chi\u1ebft xu\u1ea5t t\u1eeb 100% nh\u1ee5y hoa ngh\u1ec7 t\u00e2y, l\u00e0 th\u1ea7n d\u01b0\u1ee3c c\u1ea3i l\u00e3o ho\u00e0n \u0111\u1ed3ng cho ch\u1ecb em ph\u1ee5 n\u1eef. ch\u1ee9a r\u1ea5t nhi\u1ec1u d\u01b0\u1ee1ng ch\u1ea5t qu\u00fd gi\u00e1 gi\u00fap ng\u1eeba m\u1ee5n, l\u00e0m gi\u1ea3m v\u1ebft th\u00e2m, h\u1ed7 tr\u1ee3 c\u1ea3i thi\u1ec7n t\u00f4ng da, \u0111\u1ea9y l\u00f9i qu\u1ea7ng th\u00e2m, n\u1ebfp nh\u0103n hi\u1ec7u qu\u1ea3.<\/div>\n<\/div>\n","protected":false},"featured_media":1851,"comment_status":"closed","ping_status":"closed","template":"","meta":[],"_links":{"self":[{"href":"https:\/\/korea.com.vn\/shop\/wp-json\/wp\/v2\/product\/4936"}],"collection":[{"href":"https:\/\/korea.com.vn\/shop\/wp-json\/wp\/v2\/product"}],"about":[{"href":"https:\/\/korea.com.vn\/shop\/wp-json\/wp\/v2\/types\/product"}],"replies":[{"embeddable":true,"href":"https:\/\/korea.com.vn\/shop\/wp-json\/wp\/v2\/comments?post=4936"}],"wp:featuredmedia":[{"embeddable":true,"href":"https:\/\/korea.com.vn\/shop\/wp-json\/wp\/v2\/media\/1851"}],"wp:attachment":[{"href":"https:\/\/korea.com.vn\/shop\/wp-json\/wp\/v2\/media?parent=4936"}],"curies":[{"name":"wp","href":"https:\/\/api.w.org\/{rel}","templated":true}]}}