{"id":4938,"date":"2020-11-30T13:06:00","date_gmt":"2020-11-30T06:06:00","guid":{"rendered":"https:\/\/korea.com.vn\/shop\/san-pham\/import-placeholder-for-4774\/"},"modified":"2020-12-21T10:32:20","modified_gmt":"2020-12-21T03:32:20","slug":"mat-na-3-anh-sang-sinh-hoc-led-theraphy-genie","status":"publish","type":"product","link":"https:\/\/korea.com.vn\/shop\/san-pham\/mat-na-3-anh-sang-sinh-hoc-led-theraphy-genie\/","title":{"rendered":"M\u1eb7t n\u1ea1 3 \u00e1nh s\u00e1ng sinh h\u1ecdc  LED THERAPHY GENIE"},"content":{"rendered":"<p>M\u1eb7t n\u1ea1 \u0111\u00e8n LED gi\u00fap d\u01b0\u1ee1ng ch\u1ea5t th\u1ea9m th\u1ea5u s\u00e2u &amp; \u0111\u1ec1u h\u01a1n, t\u1ea1o n\u00ean l\u00e0n da trong su\u1ed1t &amp; s\u0103n ch\u1eafc. H\u00e3y c\u00f9ng tr\u1ea3i nghi\u1ec7m 3 b\u01b0\u1edbc s\u00f3ng kh\u00e1c nhau tr\u00ean 1 \u0111\u00e8n LED v\u1edbi kh\u1ea3 n\u0103ng t\u00e1c \u0111\u1ed9ng s\u00e2u, x\u00e2m nh\u1eadp ch\u1eb7t ch\u1ebd v\u00e0o t\u1eebng v\u1ecb tr\u00ed c\u00f3 v\u1ea5n \u0111\u1ec1 c\u1ee7a da &amp; gi\u00fap l\u00e0m s\u00e1ng da c\u1ee7a GENIE Therapy LED Mask<br \/>\nC\u00f4ng ngh\u1ec7 ngu\u1ed3n s\u00e1ng M\u1eb7t n\u1ea1 tr\u1ecb li\u1ec7u b\u1eb1ng \u00e1nh s\u00e1ng LED g\u1eedi n\u0103ng l\u01b0\u1ee3ng s\u00f3ng \u00e1nh s\u00e1ng \u0111\u1ebfn c\u00e1c t\u1ebf b\u00e0o da \u0111\u1ec3 \u0111\u00e1nh th\u1ee9c l\u00e0n da v\u00e0 k\u00edch th\u00edch gi\u1ea5c ng\u1ee7 s\u00e2u c\u1ee7a collagen da.<br \/>\nChe ph\u1ee7 t\u1ebf b\u00e0o da 360 \u0111\u1ed9<br \/>\nQu\u00e1 tr\u00ecnh trao \u0111\u1ed5i ch\u1ea5t 21 ng\u00e0y C\u1ea3i thi\u1ec7n t\u1ebf b\u00e0o th\u00f4ng qua chuy\u1ec3n \u0111\u1ed5i n\u0103ng l\u01b0\u1ee3ng ngu\u1ed3n s\u00e1ng<br \/>\n<strong>\u0110\u1eb7c t\u00ednh s\u1ea3n ph\u1ea9m<\/strong><br \/>\nNgu\u1ed3n s\u00e1ng LED Nhi\u1ec1u ch\u1ebf \u0111\u1ed9 \u00e1nh s\u00e1ng v\u1edbi m\u00e0u s\u1eafc \u0111a d\u1ea1ng kh\u00e1c nhau gi\u00fap ch\u0103m s\u00f3c v\u00e0 c\u1ea3i thi\u1ec7n l\u00e0n da.<br \/>\n&#8211; C\u1ea3i thi\u1ec7n t\u00ecnh tr\u1ea1ng m\u1ee5n<br \/>\n&#8211; N\u00e2ng t\u00f4ng da<br \/>\n&#8211; C\u1ea3i thi\u1ec7n t\u00ecnh tr\u1ea1ng \u0111\u1ecf da<br \/>\n&#8211; Se kh\u00edt t\u1ebf b\u00e0o<br \/>\n&#8211; C\u1ea3i thi\u1ec7n l\u1ed7 ch\u00e2n l\u00f4ng<br \/>\n&#8211; Ch\u0103m s\u00f3c, ph\u1ee5c h\u1ed3i da &amp; t\u00f3c sau c\u00e1c li\u1ec7u tr\u00ecnh chuy\u00ean s\u00e2u<\/p>\n<p>Ch\u1ee9c n\u0103ng s\u1ea3n ph\u1ea9m<br \/>\n<strong>\u00c1nh s\u00e1ng \u0111\u1ecf LED 620nm-750nm<\/strong><br \/>\nT\u0103ng c\u01b0\u1eddng s\u1ee9c s\u1ed1ng cho da b\u1eb1ng c\u00e1ch cung c\u1ea5p oxy v\u00e0o da<br \/>\n1. Th\u00fac \u0111\u1ea9y s\u1ea3n sinh collagen, c\u1ea3i thi\u1ec7n n\u1ebfp nh\u0103n da<br \/>\n2. Se kh\u00edt l\u1ed7 ch\u00e2n l\u00f4ng, l\u00e0n da m\u1ecbn m\u00e0ng, c\u1ea3i thi\u1ec7n t\u00e0n nhang, t\u0103ng \u0111\u1ed9 \u0111\u00e0n h\u1ed3i c\u1ee7a da<br \/>\nTh\u00fac \u0111\u1ea9y c\u1ea3i thi\u1ec7n l\u00e0n da c\u00f3 v\u1ea5n \u0111\u1ec1, ph\u1ee5c h\u1ed3i l\u00e0n da th\u00f4ng qua \u00e1nh s\u00e1ng<br \/>\n3. Th\u00fac \u0111\u1ea9y s\u1ef1 tu\u1ea7n ho\u00e0n \u0111\u1ed9 \u1ea9m, duy tr\u00ec l\u00e0n da \u1ea9m m\u01b0\u1ee3t.<br \/>\n4. Ho\u1ea1t h\u00f3a n\u0103ng l\u01b0\u1ee3ng b\u1eb1ng s\u1ef1 ph\u00e2n chia c\u1ee7a t\u1ebf b\u00e0o da b\u00ean trong c\u01a1 th\u1ec3, th\u00fac \u0111\u1ea9y qu\u00e1 tr\u00ecnh trao \u0111\u1ed5i ch\u1ea5t c\u1ee7a da v\u00e0 b\u1ea3o v\u1ec7 l\u00e0n da m\u1ec1m m\u1ea1i nh\u01b0 em b\u00e9.<br \/>\n5. Hi\u1ec7u qu\u1ea3 \u0111\u1eb7c bi\u1ec7t trong vi\u1ec7c c\u1ea3i thi\u1ec7n m\u1ee5n tr\u1ee9ng c\u00e1 v\u00e0 \u0111\u1ed9 \u0111\u00e0n h\u1ed3i c\u1ee7a da.<br \/>\n<strong>\u00c1nh s\u00e1ng xanh LED 476nm-495nm<\/strong><br \/>\nC\u1ea3i thi\u1ec7n t\u00ecnh tr\u1ea1ng s\u1eb9o c\u1ee7a da<br \/>\n1. Ph\u1ee5c h\u1ed3i t\u1ed5n th\u01b0\u01a1ng da, \u1ee9c ch\u1ebf vi khu\u1ea9n ph\u00e1t tri\u1ec3n v\u00e0 l\u00e0m s\u00e1ng da.<br \/>\n2. Gi\u1ea3m bu\u1ed3n ng\u1ee7, c\u01b0\u1eddng ho\u1ea1t \u0111\u1ed9ng l\u00e0m vi\u1ec7c v\u00e0 c\u1ea3i thi\u1ec7n t\u00ecnh tr\u1ea1ng stress do nguy\u00ean nh\u00e2n sinh l\u00fd.<br \/>\n3. Gi\u1ea3m m\u1ec7t m\u1ecfi nh\u01b0 r\u1ed1i lo\u1ea1n gi\u1ea5c ng\u1ee7, thay \u0111\u1ed5i m\u00fai gi\u1edd, thay \u0111\u1ed5i th\u1eddi ti\u1ebft, giao m\u00f9a, h\u1ed9i ch\u1ee9ng kinh nguy\u1ec7t.<\/p>\n<p><strong>\u00c1nh s\u00e1ng cam LED 590nm-620nm<\/strong><br \/>\nT\u00e1c \u0111\u1ed9ng s\u00e2u li\u00ean t\u1ee5c, xuy\u00ean th\u1ea5u da 3-5mm<br \/>\n1. K\u00edch ho\u1ea1t c\u01a1 b\u1eafp, k\u00edch th\u00edch h\u1ec7 mi\u1ec5n d\u1ecbch<br \/>\n2. L\u00e0m d\u1ecbu v\u00e0 ph\u1ee5c h\u1ed3i l\u00e0n da nh\u1ea1y c\u1ea3m<br \/>\n3. T\u0103ng \u0111\u1ed9 \u0111\u00e0n h\u1ed3i cho da<br \/>\nCh\u0103m s\u00f3c da m\u1eb7t chu\u1ea9n SPA Ch\u1ebf \u0111\u1ed9 ch\u0103m s\u00f3c da m\u1eb7t \u0110\u00e8n LED c\u00f4ng ngh\u1ec7 Nano chi\u1ebfu s\u00e1ng \u0111\u1ed3ng \u0111\u1ec1u c\u00e1c l\u1edbp m\u00e0ng m\u1ecfng c\u1ee7a da<\/p>\n<p>V\u1ebft th\u01b0\u01a1ng + L\u1edbp k\u00ednh \u0111\u1ee5c + T\u00ednh c\u1ea7m tay ti\u1ec7n l\u1ee3i S\u00e1t khu\u1ea9n + N\u1ebfp nh\u0103n + L\u00e0n da em b\u00e9<br \/>\n<strong>C\u00e1ch s\u1eed d\u1ee5ng<\/strong><br \/>\n1. Sau khi l\u00e0m s\u1ea1ch da, thoa \u0111\u1ec1u s\u1ea3n ph\u1ea9m d\u01b0\u1ee1ng da l\u00ean m\u1eb7t.<br \/>\n2. K\u1ebft n\u1ed1i d\u00e2y c\u00e1p m\u1eb7t n\u1ea1 v\u1edbi \u0111i\u1ec7n tho\u1ea1i v\u00e0 c\u00f3 th\u1ec3 s\u1eed d\u1ee5ng ngay.<br \/>\n3. \u0110i\u1ec1u ch\u1ec9nh m\u1eb7t n\u1ea1 cho ph\u00f9 h\u1ee3p v\u1edbi g\u01b0\u01a1ng m\u1eb7t. (Th\u1eddi gian s\u1eed d\u1ee5ng t\u1eeb 15-20 ph\u00fat)<\/p>\n","protected":false},"excerpt":{"rendered":"<p>C\u00f4ng ngh\u1ec7 ngu\u1ed3n s\u00e1ng M\u1eb7t n\u1ea1 tr\u1ecb li\u1ec7u b\u1eb1ng \u00e1nh s\u00e1ng LED g\u1eedi n\u0103ng l\u01b0\u1ee3ng s\u00f3ng \u00e1nh s\u00e1ng \u0111\u1ebfn c\u00e1c t\u1ebf b\u00e0o da \u0111\u1ec3 \u0111\u00e1nh th\u1ee9c l\u00e0n da v\u00e0 k\u00edch th\u00edch gi\u1ea5c ng\u1ee7 s\u00e2u c\u1ee7a collagen da. Che ph\u1ee7 t\u1ebf b\u00e0o da 360 \u0111\u1ed9 Qu\u00e1 tr\u00ecnh trao \u0111\u1ed5i ch\u1ea5t 21 ng\u00e0y C\u1ea3i thi\u1ec7n t\u1ebf b\u00e0o th\u00f4ng qua chuy\u1ec3n \u0111\u1ed5i n\u0103ng l\u01b0\u1ee3ng ngu\u1ed3n s\u00e1ng<\/p>\n","protected":false},"featured_media":1855,"comment_status":"closed","ping_status":"closed","template":"","meta":[],"_links":{"self":[{"href":"https:\/\/korea.com.vn\/shop\/wp-json\/wp\/v2\/product\/4938"}],"collection":[{"href":"https:\/\/korea.com.vn\/shop\/wp-json\/wp\/v2\/product"}],"about":[{"href":"https:\/\/korea.com.vn\/shop\/wp-json\/wp\/v2\/types\/product"}],"replies":[{"embeddable":true,"href":"https:\/\/korea.com.vn\/shop\/wp-json\/wp\/v2\/comments?post=4938"}],"wp:featuredmedia":[{"embeddable":true,"href":"https:\/\/korea.com.vn\/shop\/wp-json\/wp\/v2\/media\/1855"}],"wp:attachment":[{"href":"https:\/\/korea.com.vn\/shop\/wp-json\/wp\/v2\/media?parent=4938"}],"curies":[{"name":"wp","href":"https:\/\/api.w.org\/{rel}","templated":true}]}}