{"id":4944,"date":"2020-11-30T13:06:02","date_gmt":"2020-11-30T06:06:02","guid":{"rendered":"https:\/\/korea.com.vn\/shop\/san-pham\/import-placeholder-for-4781\/"},"modified":"2020-12-21T10:47:19","modified_gmt":"2020-12-21T03:47:19","slug":"huyet-thanh-lam-sach-am-dao-inner-cleanser","status":"publish","type":"product","link":"https:\/\/korea.com.vn\/shop\/san-pham\/huyet-thanh-lam-sach-am-dao-inner-cleanser\/","title":{"rendered":"B\u1ecdt tuy\u1ebft l\u00e0m s\u1ea1ch \u00e2m \u0111\u1ea1o INNER CLEASER"},"content":{"rendered":"<p>&#8220;Si\u00eau ph\u1ea9m &#8221; ch\u0103m s\u00f3c c\u00f4 b\u00e9 &#8211; HUY\u1ebeT THANH L\u00c0M S\u1ea0CH \u00c2M \u0110\u1ea0O INNER CLEASER<br \/>\nChi\u1ebft xu\u1ea5t t\u1eeb 100% th\u00e0nh ph\u1ea7n h\u1eefu c\u01a1 l\u00e0 l\u00e1 tr\u00e0m tr\u00e0 thi\u00ean nhi\u00ean S\u1ea0CH KH\u00d4 THO\u00c1NG TH\u01a0M H\u1ed2NG t\u1ea5t c\u1ea3 v\u00f4 1 s\u1ea3n ph\u1ea9m hay gh\u00ea<br \/>\nTh\u00e0nh ph\u1ea7n s\u00e1t khu\u1ea9n c\u1ef1c cao c\u1ee7a Tea Tree s\u1ebd gi\u00fap l\u00e0m s\u1ea1ch d\u1ecbu nh\u1eb9 vi khu\u1ea9n, gi\u00fap ng\u0103n ng\u1eeba t\u00ecnh tr\u1ea1ng ng\u1ee9a, vi\u00eam nhi\u1ec5m hay m\u00f9i kh\u00f3 ch\u1ecbu, mang \u0111\u1ebfn c\u1ea3m gi\u00e1c s\u1ea1ch tho\u00e1ng, tho\u1ea3i m\u00e1i cho ph\u1ee5 n\u1eef.<br \/>\n\u0110i\u1ec3m n\u1ed5i b\u1eadt c\u1ee7a em n\u00e0y \u0111\u01b0\u1ee3c ch\u1ebf t\u1ea1o b\u1edfi c\u00e1c nh\u00e0 nguy\u00ean c\u1ee9u h\u00e0ng \u0111\u1ea7u H\u00e0n qu\u1ed1c v\u1edbi \u0111\u1ed9 pH ph\u00f9 h\u1ee3p v\u1edbi m\u00f4i tr\u01b0\u1eddng t\u1ef1 nhi\u00ean b\u00ean trong c\u00f4 b\u00e9, c\u00e2n b\u1eb1ng \u0111\u01b0\u1ee3c \u0111\u1ed9 pH l\u00fd t\u01b0\u1edfng v\u00e0 ph\u00e1t huy t\u1ed1t c\u01a1 ch\u1ebf \u201ct\u1ef1 b\u1ea3o v\u1ec7\u201d v\u1ed1n c\u00f3 c\u0169ng nh\u01b0 ng\u0103n ng\u1eeba c\u00e1c nguy c\u01a1 g\u00e2y vi\u00eam nhi\u1ec5m ph\u1ee5 khoa.\u200b<br \/>\n&#8211; \u0110\u1ed9 pH=5, r\u1ea5t trung t\u00ednh, ph\u00f9 h\u1ee3p cho vi\u1ec7c s\u1eed d\u1ee5ng h\u1eb1ng ng\u00e0y m\u00e0 kh\u00f4ng g\u00e2y \u1ea3nh h\u01b0\u1edfng \u0111\u1ebfn m\u00f4i tr\u01b0\u1eddng t\u1ef1 nhi\u00ean c\u1ee7a v\u00f9ng nh\u1ea1y c\u1ea3m.<br \/>\n&#8211; M\u00f9i h\u01b0\u01a1ng thanh khi\u1ebft, t\u01b0\u01a1i m\u00e1t cho b\u1ea1n lu\u00f4n th\u1ea5y tho\u1ea3i m\u00e1i v\u00e0 t\u1ef1 tin h\u01a1n.<br \/>\n&#8211; Th\u00e0nh ph\u1ea7n c\u1ee7a s\u1ea3n ph\u1ea9m an to\u00e0n, d\u1ecbu nh\u1eb9, kh\u00f4ng g\u00e2y k\u00edch \u1ee9ng khi s\u1eed d\u1ee5ng. B\u1ea7u b\u00ec d\u00f9ng v\u00f4 t\u01b0 nh\u00e9<\/p>\n<p><strong>C\u00d4NG D\u1ee4NG<\/strong><br \/>\n+ \u0110i\u1ec1u tr\u1ecb t\u1eadn g\u1ed1c h\u00f4i v\u00f9ng k\u00edn<br \/>\n+ D\u1ee9t \u0111i\u1ec3m huy\u1ebft tr\u1eafng<br \/>\n+ Ng\u0103n ng\u1eeba vi\u00eam nhi\u1ec5m ph\u1ee5 khoa<br \/>\n+ L\u00e0m h\u1ed3ng, se kh\u00edt v\u00f9ng k\u00edn.<br \/>\n<strong>Li\u00ean h\u1ec7 t\u01b0 v\u1ea5n s\u1ea3n ph\u1ea9m :<\/strong><br \/>\nHOTLINE: 0948519999 \u2013 0366666992 &#8211; 0917083388<br \/>\n\u0110\u1ecba ch\u1ec9:<br \/>\n\u2705Cs1 : 2A Ph\u00f9ng Kh\u1eafc Khoan, Ph\u01b0\u1eddng \u0110a Kao, Qu\u1eadn 1, Tp. H\u1ed3 Ch\u00ed Minh, Vi\u1ec7t Nam<br \/>\n\u2705Cs2 : 281\/15 L\u00ea V\u0103n S\u0129, Ph\u01b0\u1eddng 1 , Qu\u1eadn T\u00e2n B\u00ecnh, Tp. H\u1ed3 Ch\u00ed Minh, Vi\u1ec7t Nam<\/p>\n","protected":false},"excerpt":{"rendered":"<div class=\"clearfix box\">\n<div class=\"clearfix dcontent pdetail-quote\">L\u00e0m s\u1ea1ch d\u1ecbu nh\u1eb9 vi khu\u1ea9n, gi\u00fap ng\u0103n ng\u1eeba t\u00ecnh tr\u1ea1ng ng\u1ee9a, vi\u00eam nhi\u1ec5m hay m\u00f9i kh\u00f3 ch\u1ecbu, mang \u0111\u1ebfn c\u1ea3m gi\u00e1c s\u1ea1ch tho\u00e1ng, tho\u1ea3i m\u00e1i cho ph\u1ee5 n\u1eef. \u0110i\u1ec3m n\u1ed5i b\u1eadt c\u1ee7a em n\u00e0y \u0111\u01b0\u1ee3c ch\u1ebf t\u1ea1o b\u1edfi c\u00e1c nh\u00e0 nguy\u00ean c\u1ee9u h\u00e0ng \u0111\u1ea7u H\u00e0n qu\u1ed1c v\u1edbi \u0111\u1ed9 pH ph\u00f9 h\u1ee3p v\u1edbi m\u00f4i tr\u01b0\u1eddng t\u1ef1 nhi\u00ean b\u00ean trong c\u00f4 b\u00e9, c\u00e2n b\u1eb1ng \u0111\u01b0\u1ee3c \u0111\u1ed9 pH l\u00fd t\u01b0\u1edfng v\u00e0 ph\u00e1t huy t\u1ed1t c\u01a1 ch\u1ebf \u201ct\u1ef1 b\u1ea3o v\u1ec7\u201d v\u1ed1n c\u00f3 c\u0169ng nh\u01b0 ng\u0103n ng\u1eeba c\u00e1c nguy c\u01a1 g\u00e2y vi\u00eam nhi\u1ec5m ph\u1ee5 khoa.<\/div>\n<\/div>\n","protected":false},"featured_media":1867,"comment_status":"closed","ping_status":"closed","template":"","meta":[],"_links":{"self":[{"href":"https:\/\/korea.com.vn\/shop\/wp-json\/wp\/v2\/product\/4944"}],"collection":[{"href":"https:\/\/korea.com.vn\/shop\/wp-json\/wp\/v2\/product"}],"about":[{"href":"https:\/\/korea.com.vn\/shop\/wp-json\/wp\/v2\/types\/product"}],"replies":[{"embeddable":true,"href":"https:\/\/korea.com.vn\/shop\/wp-json\/wp\/v2\/comments?post=4944"}],"wp:featuredmedia":[{"embeddable":true,"href":"https:\/\/korea.com.vn\/shop\/wp-json\/wp\/v2\/media\/1867"}],"wp:attachment":[{"href":"https:\/\/korea.com.vn\/shop\/wp-json\/wp\/v2\/media?parent=4944"}],"curies":[{"name":"wp","href":"https:\/\/api.w.org\/{rel}","templated":true}]}}