{"id":4948,"date":"2020-11-30T13:06:03","date_gmt":"2020-11-30T06:06:03","guid":{"rendered":"https:\/\/korea.com.vn\/shop\/san-pham\/import-placeholder-for-4785\/"},"modified":"2020-12-21T10:39:19","modified_gmt":"2020-12-21T03:39:19","slug":"thuoc-dong-y-dieu-tri-seo-ro-non-fix-skin","status":"publish","type":"product","link":"https:\/\/korea.com.vn\/shop\/san-pham\/thuoc-dong-y-dieu-tri-seo-ro-non-fix-skin\/","title":{"rendered":"Thu\u1ed1c \u0111\u00f4ng y tr\u1ecb s\u1eb9o r\u1ed7  NON FIX SKIN"},"content":{"rendered":"<p>B\u1ecb r\u1ed7 m\u1edbi bi\u1ebft kh\u1ed5 c\u1ee1 n\u00e0o.. Ai b\u1ecb r\u1ed7 kh\u00f4ng \u0111i spa tr\u1ecb \u0111\u01b0\u1ee3c ch\u1ea5m nh\u1eb9 c\u00f3 thu\u1ed1c b\u1ec7nh vi\u1ec7n thoa h\u1ebft 85% nhe #S\u1eb8O_R\u1ed6 l\u00e2u n\u0103m tr\u00ean 10 n\u0103m d\u00f9ng c\u00f2n h\u1ebft n\u00f3i g\u00ec s\u1eb9o m\u1edbi nh\u00e9<br \/>\nV\u1ec1 \u0111\u01b0\u1ee3c 1 \u00edt Thu\u1ed1c m\u1edbi c\u1ee7a B\u1ec7nh Vi\u1ec7n H\u00e0n Thu\u1ed1c \u0111\u00f4ng y \u0111i\u1ec1u tr\u1ecb S\u1eb8O R\u1ed6 NON FIX SKIN &#8211; s\u1eb9o l\u00f5m l\u00e2u n\u0103m ho\u1eb7c s\u1eb9o( \u0111\u00e3 s\u1eed d\u1ee5ng qua nhi\u1ec1u sp nh\u01b0ng ko kh\u1ecfi) &#8211; ch\u1ec9 c\u1ea7n B\u00d4I m\u00e0 s\u1eb9o r\u1ed7 \u0111\u1ea7y l\u00ean kh\u00f4ng c\u1ea7n l\u0103n kim \u0111au \u0111\u1edbn<br \/>\n\u0110\u00e2y l\u00e0 c\u00f4ng th\u1ee9c \u0111\u1ed9c quy\u1ec1n CH\u00c2U \u00c1, THU\u1ed0C \u0110\u00d4NG Y t\u1eeb Ho\u00e0ng cung H\u00e0n Qu\u1ed1c ko ph\u1ea3i m\u1ef9 ph\u1ea9m n\u00ean c\u00e1c b\u1ea1n ko n\u00ean so s\u00e1nh v\u1edbi c\u00e1c sp kh\u00e1c s\u1eed d\u1ee5ng 1 hay 2 h\u1ed9p t\u00f9y m\u1ee9c \u0111\u1ed9 s\u1eb9o s\u00e2u hay c\u1ea1n \u00edt hay nhi\u1ec1u l\u01b0u \u00fd \u0111\u00e2y l\u00e0 THU\u1ed0C m\u1edbi c\u00f3 t\u00e1c d\u1ee5ng \u0111i\u1ec1u tr\u1ecb \u0111\u01b0\u1ee3c ch\u1ee9 ko ph\u1ea3i m\u1ef9 ph\u1ea9m hay kem h\u1ebft n\u00ean m\u1ea5y ch\u1ecb kh\u1ecfi so s\u00e1nh v\u1edbi nh\u1eefng sp b\u1ea1n \u0111\u00e3 d\u00f9ng qua, spa ko c\u1ea7n bi\u1ebft c\u00e1c b\u1ea1n \u0111\u00e3 sd sp t\u00e2y t\u00e0u n\u00e0o nh\u01b0ng ri\u00eang v\u1edbi thu\u1ed1c \u0111\u00f4ng y n\u00e0y ch\u01b0a ai d\u00f9ng m\u00e0 ko h\u1ebft<br \/>\n<strong>Th\u00e0nh ph\u1ea7n v\u00e0 c\u00f4ng d\u1ee5ng:<\/strong><br \/>\n+ Thu\u1ed1c \u0111\u01b0\u1ee3c b\u00e0o ch\u1ebf \u0111\u01b0\u1ee3c b\u00e0o ch\u1ebf t\u1eeb 18 lo\u1ea1i th\u1ea3o d\u01b0\u1ee3c qu\u00ed, \u0111\u1eb7c bi\u1ec7t 25% c\u1ee7a thu\u1ed1c c\u00f3 S\u00c2M CAO LY T\u00c1I T\u1ea0O, t\u00ednh nh\u1eddn, \u0111i\u1ec1u tr\u1ecb s\u1eb9o l\u00f5m, s\u1eb9o r\u1ed7 v\u00e0 v\u1ebft th\u00e2m c\u1ef1c t\u1ed1t, c\u00e1c th\u00e0nh ph\u1ea7n s\u1ebd \u0111i theo nhi\u1ec1u \u0111i\u1ec3m v\u00e0 \u0111\u1ed9ng t\u00e1c b\u00f3c t\u00e1ch s\u1ebd \u0111\u01b0\u1ee3c th\u1ef1c hi\u1ec7n tr\u00ean nhi\u1ec1u \u0111i\u1ec3m c\u00f9ng m\u1ed9t l\u00fac \u1ee9ng v\u1edbi nhi\u1ec1u v\u1ebft s\u1eb9o.<br \/>\n<strong>C\u00e1ch d\u00f9ng:<\/strong><br \/>\n+ Thoa 1 l\u1edbp c\u1ef1c m\u1ecfng v\u00e0o v\u00f9ng b\u1ecb S\u1eb8O ng\u00e0y 2 l\u1ea7n, thu\u1ed1c c\u00f3 t\u00e1c d\u1ee5ng K\u00cdCH TH\u00cdCH T\u0102NG SINH C\u00c1C T\u1ebe B\u00c0O DA V\u00d9NG R\u1ed6 L\u00caN L\u00c0M L\u1eaeP \u0110\u1ea6Y V\u00d9NG R\u1ed6<br \/>\nV\u1ec1 \u0111\u01b0\u1ee3c \u00edt h\u1ed9p \u0111\u1ec3 g\u1eedi cho kh\u00e1ch l\u00e0m s\u1eb9o r\u1ed7 t\u1ea1i Spa nh\u01b0ng ch\u1ecb n\u00e0o \u1edf xa hay kh\u00f4ng\u00a0\u0111\u00f3 th\u1eddi gian \u0111i\u1ec1u tr\u1ecb l\u0103n kim hay b\u00f3c t\u00e1ch s\u1eb9o r\u1ed7 th\u00ec m\u00ecnh chia s\u1ebd l\u1ea1i d\u00f9ng t\u1ea1i nh\u00e0 hi\u1ec7u qu\u1ea3 t\u01b0\u01a1ng \u0111\u01b0\u01a1ng nh\u00e9<\/p>\n","protected":false},"excerpt":{"rendered":"<div class=\"clearfix box\">\n<div class=\"clearfix dcontent pdetail-quote\">\u0110\u00e2y l\u00e0 c\u00f4ng th\u1ee9c \u0111\u1ed9c quy\u1ec1n CH\u00c2U \u00c1, THU\u1ed0C \u0110\u00d4NG Y t\u1eeb Ho\u00e0ng cung H\u00e0n Qu\u1ed1c kh\u00f4ng ph\u1ea3i m\u1ef9 ph\u1ea9m n\u00ean c\u00e1c b\u1ea1n kh\u00f4ng n\u00ean so s\u00e1nh v\u1edbi c\u00e1c s\u1ea3n ph\u1ea9m kh\u00e1c s\u1eed d\u1ee5ng 1 hay 2 h\u1ed9p t\u00f9y m\u1ee9c \u0111\u1ed9 s\u1eb9o s\u00e2u hay c\u1ea1n \u00edt hay nhi\u1ec1u l\u01b0u \u00fd \u0111\u00e2y l\u00e0 THU\u1ed0C m\u1edbi c\u00f3 t\u00e1c d\u1ee5ng \u0111i\u1ec1u tr\u1ecb \u0111\u01b0\u1ee3c ch\u1ee9 kh\u00f4ng ph\u1ea3i m\u1ef9 ph\u1ea9m hay kem h\u1ebft n\u00ean m\u1ea5y ch\u1ecb kh\u1ecfi so s\u00e1nh v\u1edbi nh\u1eefng s\u1ea3n ph\u1ea9m b\u1ea1n \u0111\u00e3 d\u00f9ng qua, spa kh\u00f4ng c\u1ea7n bi\u1ebft c\u00e1c b\u1ea1n \u0111\u00e3 s\u1eed d\u1ee5ng s\u1ea3n ph\u1ea9m t\u00e2y t\u00e0u n\u00e0o nh\u01b0ng ri\u00eang v\u1edbi thu\u1ed1c \u0111\u00f4ng y n\u00e0y ch\u01b0a ai d\u00f9ng m\u00e0 kh\u00f4ng h\u1ebft<\/div>\n<\/div>\n","protected":false},"featured_media":1875,"comment_status":"closed","ping_status":"closed","template":"","meta":[],"_links":{"self":[{"href":"https:\/\/korea.com.vn\/shop\/wp-json\/wp\/v2\/product\/4948"}],"collection":[{"href":"https:\/\/korea.com.vn\/shop\/wp-json\/wp\/v2\/product"}],"about":[{"href":"https:\/\/korea.com.vn\/shop\/wp-json\/wp\/v2\/types\/product"}],"replies":[{"embeddable":true,"href":"https:\/\/korea.com.vn\/shop\/wp-json\/wp\/v2\/comments?post=4948"}],"wp:featuredmedia":[{"embeddable":true,"href":"https:\/\/korea.com.vn\/shop\/wp-json\/wp\/v2\/media\/1875"}],"wp:attachment":[{"href":"https:\/\/korea.com.vn\/shop\/wp-json\/wp\/v2\/media?parent=4948"}],"curies":[{"name":"wp","href":"https:\/\/api.w.org\/{rel}","templated":true}]}}