{"id":4949,"date":"2020-11-30T13:06:03","date_gmt":"2020-11-30T06:06:03","guid":{"rendered":"https:\/\/korea.com.vn\/shop\/san-pham\/import-placeholder-for-4786\/"},"modified":"2020-12-21T10:44:55","modified_gmt":"2020-12-21T03:44:55","slug":"huyet-thanh-body-trang-da","status":"publish","type":"product","link":"https:\/\/korea.com.vn\/shop\/san-pham\/huyet-thanh-body-trang-da\/","title":{"rendered":"Huy\u1ebft thanh tr\u1eafng da BODY UTRA"},"content":{"rendered":"<p>V\u1eeba c\u1eadp b\u1ebfn Huy\u1ebft thanh tr\u1eafng da b\u1eadt t\u00f4ng sau 5 ph\u00fat HOT nh\u1ea5t t\u1ea1i Seoul &#8211; si\u00eau ph\u1ea9m tr\u1eafng da b\u00e1n ch\u1ea1y nh\u1ea5t m\u00f9a h\u00e8 n\u00e0y \u0111\u00e2y, thoa t\u1edbi \u0111\u00e2u TR\u1eaeNG TINH t\u1edbi \u0111\u00f3 hay l\u1eafm<br \/>\nTr\u1eafng da c\u0103ng b\u00f3ng &#8211; m\u1edd th\u00e2m n\u00e1m &#8211; l\u00e0m \u0111\u1ec1u m\u00e0u da sau l\u1ea7n \u0111\u1ea7u v\u00e0 thu nh\u1ecf l\u1ed7 ch\u00e2n l\u00f4ng c\u1ef1c hi\u1ec7u qu\u1ea3<br \/>\n\u1ede H\u00e0n ng\u01b0\u1eddi ta chu\u1ed9ng Huy\u1ebft thanh d\u1ea1ng n\u00e0y l\u1eafm, v\u00ec hi\u1ec7u qu\u1ea3 th\u1ea5y r\u00f5 h\u01a1n kem serum \u00e1, lo\u1ea1i n\u00e0y \u1edf c\u00e1c vi\u1ec7n clinic l\u1edbn d\u00f9ng \u0111\u1ec3 c\u1ea5y ho\u1eb7c phun ch\u1ea5t vi \u0111i\u1ec3m tr\u00ean da ng\u1eadm tr\u1eafng d\u1eef l\u1eafm<br \/>\nL\u01b0u \u00fd \u0111\u00e2y l\u00e0 huy\u1ebft thanh d\u00f2ng \u0111\u1eadm \u0111\u1eb7c g\u1ea5p 10 l\u1ea7n d\u01b0\u1ee1ng ch\u1ea5t ko b\u00e0o m\u00f2n da hay g\u00e2y h\u1ea1i cho da. Tr\u1eafng th\u1eadt ko tr\u1eafng \u1ea3o, ko v\u00e0ng da hay h\u1ed3i da . Ko l\u1ed9t t\u1ea9y hay kh\u00f4 r\u00e1t da l\u1ea1i c\u00f2n d\u01b0\u1ee1ng m\u1ec1m da v\u00e0 c\u0103ng b\u00f3ng n\u1eefa<\/p>\n<p><strong>TH\u00c0NH PH\u1ea6N:<\/strong><br \/>\nTh\u00e0nh ph\u1ea7n HUY\u1ebeT THANH BODY D\u01af\u1ee0NG TR\u1eaeNG DA TO\u00c0N TH\u00c2N:<br \/>\nV\u1edbi h\u00e0m l\u01b0\u1ee3ng \u0111\u00fang ch\u1ec9 \u0111\u1ecbnh v\u00e0 c\u00f4ng ngh\u1ec7 ti\u00ean ti\u1ebfn, Serum d\u01b0\u1ee1ng tr\u1eafng da to\u00e0n th\u00e2n g\u1ed3m c\u00e1c th\u00e0nh ph\u1ea7n nh\u01b0: gluthatione 1200mg, M\u1eadt ong, v\u1ecf qu\u1ea3 l\u00ea, rau sam, vitamin C D\u00e2u t\u1eb1m, d\u1ea7u \u00f4 liu, b\u1ea1ch s\u00e2m , h\u1ea1t c\u00e2y ph\u1ec9.<br \/>\n+\u00a0 Rau sam r\u1ea5t gi\u00e0u Vitamin A(1320 IU\/100 g, cung c\u1ea5p 44% RDA) ch\u1ed1ng oxy h\u00f3a m\u1ea1nh m\u1ebd, v\u00e0 duy tr\u00ec \u0111\u1ed9 \u1ea9m c\u1ea7n thi\u1ebft cho da. Rau sam c\u00f2n c\u00f3 kh\u1ea3 n\u0103ng di\u1ec7t khu\u1ea9n , Staphylococcus aureus (t\u1ee5 c\u1ea7u v\u00e0ng th\u01b0\u1eddng g\u00e2y m\u1ee5n nh\u1ecdt) r\u1ea5t t\u1ed1t cho da. Tr\u1ecb m\u1ee5n l\u01b0ng v\u1edbi vi\u00eam nang l\u00f4ng hay l\u1eafm<br \/>\n+ Chi\u1ebft xu\u1ea5t b\u1ea1ch s\u00e2m: T\u0103ng c\u01b0\u1eddng oxi gi\u00fap m\u1ea1ch m\u00e1u l\u01b0u th\u00f4ng, ng\u0103n ch\u1eb7n qu\u00e1 tr\u00ecnh l\u00e3o h\u00f3a, gi\u1ea3m c\u00e1c v\u1ebft s\u1ea1m, v\u1ebft n\u00e1m gi\u00fap da c\u0103ng h\u1ed3ng t\u01b0\u01a1i s\u00e1ng.<br \/>\n<strong>C\u00d4NG D\u1ee4NG<\/strong><br \/>\nC\u00f4ng d\u1ee5ng CH\u00cdNH HUY\u1ebeT THANH BODY<br \/>\n&#8211; Th\u1ea5m kh\u00f4 nhanh, kh\u00f4ng b\u1ebft r\u00edt, c\u1ea3m gi\u00e1c m\u00e1t l\u1ea1nh v\u00e0 d\u1ec5 ch\u1ecbu, h\u01b0\u01a1ng th\u01a1m quy\u1ebfn r\u0169.<br \/>\n&#8211; Gi\u00fap l\u00e0m m\u1ec1m m\u1ecbn, c\u0103ng b\u00f3ng, gi\u1ea3m n\u1ebfp nh\u0103n da s\u1ea7n s\u00f9i v\u00e0 chai l\u00ec, se kh\u00edt l\u1ed7 ch\u00e2n l\u00f4ng, gi\u1eef \u1ea9m cho da.<br \/>\n&#8211; L\u00e0m \u0111\u1ec1u m\u00e0u da c\u00e1c v\u00f9ng nh\u01b0 \u0111\u1ea7u g\u1ed1i, khu\u1ef7 tay , m\u1eaft c\u00e1 ch\u00e2n&#8230;<br \/>\n&#8211; L\u00e0m m\u1ecbn m\u00e0ng c\u00e1c v\u00f9ng da th\u00f4 r\u00e1p.<br \/>\n&#8211; Th\u00fac \u0111\u1ea9y nhanh vi\u1ec7c s\u1ea3n sinh ra c\u00e1c t\u1ebf b\u00e0o m\u1edbi thay th\u1ebf c\u00e1c t\u1ebf b\u00e0o c\u0169.<br \/>\n&#8211; Tr\u1ebb ho\u00e1 l\u00e0n da, ch\u1ed1ng l\u00e3o ho\u00e1<br \/>\n&#8211; B\u1ed5 sung tinh ch\u1ea5t collagen, Vitamin, v\u00e0 c\u00e1c tinh ch\u1ea5t dinh d\u01b0\u1ee1ng cho da, gi\u00fap da kh\u1ecfe m\u1ea1nh ,t\u0103ng c\u01b0\u1eddng s\u1ee9c \u0111\u1ec1 kh\u00e1ng v\u00e0 ch\u1ed1ng n\u1eafng cho da.<br \/>\n&#8211; Ph\u1ee5c h\u1ed3i, t\u00e1i t\u1ea1o da, gi\u00fap da tr\u1eafng v\u00e0 h\u1ed3ng h\u00e0o trong 10 ng\u00e0y s\u1eed d\u1ee5ng.<br \/>\n&#8211; L\u00e0m m\u1edd c\u00e1c v\u1ebft th\u00e2m s\u1ea1m, \u0111\u1ed3i m\u1ed3i, t\u0103ng \u0111\u1ed9 \u0111\u00e0n h\u1ed3i v\u00e0 ch\u1ed1ng l\u00e3o h\u00f3a da.\u200b<\/p>\n<p><strong>C\u00c1CH S\u1eec D\u1ee4NG<\/strong><br \/>\n&#8211; L\u00e0m s\u1ea1ch da, thoa m\u1ed9t l\u01b0\u1ee3ng serum v\u1eeba \u0111\u1ee7 l\u00ean da, massage nh\u1eb9 nh\u00e0ng cho c\u00e1c tinh ch\u1ea5t th\u1ea9m th\u1ea5u v\u00e0o s\u00e2u b\u00ean trong da.<br \/>\n&#8211; S\u1eed d\u1ee5ng 2 l\u1ea7n\/ ng\u00e0y<br \/>\n&#8211; \u0110\u1ec3 t\u0103ng hi\u1ec7u qu\u1ea3 tr\u1eafng nhanh th\u00ec c\u00f3 th\u1ec3 k\u1ebft h\u1ee3p s\u1eed d\u1ee5ng v\u1edbi t\u1eafm tr\u1eafng t\u1ebf b\u00e0o g\u1ed1c Genie<\/p>\n","protected":false},"excerpt":{"rendered":"<div class=\"clearfix box\">Tr\u1eafng da c\u0103ng b\u00f3ng &#8211; m\u1edd th\u00e2m n\u00e1m &#8211; l\u00e0m \u0111\u1ec1u m\u00e0u da sau l\u1ea7n \u0111\u1ea7u v\u00e0 thu nh\u1ecf l\u1ed7 ch\u00e2n l\u00f4ng c\u1ef1c hi\u1ec7u qu\u1ea3<\/div>\n","protected":false},"featured_media":1877,"comment_status":"closed","ping_status":"closed","template":"","meta":[],"_links":{"self":[{"href":"https:\/\/korea.com.vn\/shop\/wp-json\/wp\/v2\/product\/4949"}],"collection":[{"href":"https:\/\/korea.com.vn\/shop\/wp-json\/wp\/v2\/product"}],"about":[{"href":"https:\/\/korea.com.vn\/shop\/wp-json\/wp\/v2\/types\/product"}],"replies":[{"embeddable":true,"href":"https:\/\/korea.com.vn\/shop\/wp-json\/wp\/v2\/comments?post=4949"}],"wp:featuredmedia":[{"embeddable":true,"href":"https:\/\/korea.com.vn\/shop\/wp-json\/wp\/v2\/media\/1877"}],"wp:attachment":[{"href":"https:\/\/korea.com.vn\/shop\/wp-json\/wp\/v2\/media?parent=4949"}],"curies":[{"name":"wp","href":"https:\/\/api.w.org\/{rel}","templated":true}]}}