{"id":4951,"date":"2020-11-30T13:06:03","date_gmt":"2020-11-30T06:06:03","guid":{"rendered":"https:\/\/korea.com.vn\/shop\/san-pham\/import-placeholder-for-4788\/"},"modified":"2020-12-21T10:52:59","modified_gmt":"2020-12-21T03:52:59","slug":"vien-uong-trang-da-mau-do","status":"publish","type":"product","link":"https:\/\/korea.com.vn\/shop\/san-pham\/vien-uong-trang-da-mau-do\/","title":{"rendered":"Vi\u00ean u\u1ed1ng tr\u1eafng  PREMIUM MAX WHITE \u0110\u1ecf   (Tr\u1eafng da-Th\u01a1m c\u01a1 th\u1ec3 -\u0110i\u1ec1u h\u00f2a n\u1ed9i ti\u1ebft)"},"content":{"rendered":"<p>Mu\u1ed1n tr\u1eafng s\u00e2u nh\u1ea5t \u0111\u1ecbnh \u0111\u1eebng ch\u1ec9 d\u00f9ng m\u1ed7i kem d\u01b0\u1ee1ng m\u00e0 ph\u1ea3i u\u1ed1ng n\u1eefa nh\u00e9. Vi\u00ean tr\u1eafng da #genie &#8211; tr\u1eafng kh\u00f4ng t\u00ec v\u1ebft &#8211; M\u00e0u \u0111\u1ecf : V\u1eeba tr\u1eafng v\u1eeba th\u01a1m body \u0111\u00e2y \u1ea1!<\/p>\n<p><strong>TH\u00c0NH PH\u1ea6N &amp; C\u00d4NG D\u1ee4NG:<\/strong><br \/>\n&#8211; Vi\u00ean U\u00f4\u0301ng Tr\u0103\u0301ng Da Genie Premium Max White \u0111ang la\u0300 sa\u0309n ph\u00e2\u0309m \u0111\u01b0\u01a1\u0323c mo\u0323i ng\u01b0\u01a1\u0300i y\u00eau thi\u0301ch giu\u0301p ba\u0323n s\u01a1\u0309 h\u01b0\u0303u la\u0300n da tr\u0103\u0301ng mi\u0323n ta\u0323i nha\u0300, \u0111a\u0309m ba\u0309o hi\u00ea\u0323u qua\u0309 va\u0300 an toa\u0300n khi s\u01b0\u0309 du\u0323ng.<br \/>\n&#8211; Sa\u0309n ph\u00e2\u0309m nu\u00f4i d\u01b0\u01a1\u0303ng da kho\u0309e ma\u0323nh t\u01b0\u0300 s\u00e2u b\u00ean trong, \u01b0\u0301c ch\u00ea\u0301 va\u0300 \u0111a\u0300o tha\u0309i ca\u0301c s\u0103\u0301c t\u00f4\u0301 melanin trong c\u01a1 th\u00ea\u0309, la\u0300m da d\u00e2\u0300n tr\u01a1\u0309 n\u00ean tr\u0103\u0301ng h\u00f4\u0300ng, \u0111\u00ea\u0300u ma\u0300u. \u200b<br \/>\n&#8211; Vi\u00ean U\u00f4\u0301ng Tr\u0103\u0301ng Da Genie Premium Max White \u0111\u01b0\u01a1\u0323c bi\u00ea\u0301t \u0111\u00ea\u0301n qua da\u0323ng vi\u00ean u\u00f4\u0301ng ma\u0300u xanh v\u01a1\u0301i c\u00f4ng du\u0323ng la\u0300m tr\u0103\u0301ng da, sa\u0309n ph\u00e2\u0309m co\u0300n co\u0301 ch\u01b0\u0301c n\u0103ng \u0111i\u00ea\u0300u ho\u0300a n\u00f4\u0323i ti\u00ea\u0301t t\u00f4\u0301.\u200b<br \/>\nB\u1ed5 sung th\u00eam h\u00e0m l\u01b0\u1ee3ng vitamin C l\u00ean \u0111\u1ebfn 600mg, b\u1ed5 sung th\u00eam L-cysteine, vitamin B, vitamin E gi\u00fap h\u1ed7 tr\u1ee3 \u0111i\u1ec1u tr\u1ecb n\u00e1m s\u00e2u trong da v\u00e0 gi\u1ea3m t\u00e0n nhang hi\u1ec7u qu\u1ea3, gi\u00fap l\u00e0n da m\u1ecbn m\u00e0ng, t\u01b0\u01a1i tr\u1ebb.<br \/>\n&#8211; Vi\u00ean U\u00f4\u0301ng Tr\u0103\u0301ng Da Genie Premium Max White Rose Hip v\u01a1\u0301i tha\u0300nh ph\u00e2\u0300n ch\u1ee9a \u0111\u1ebfn 80 % th\u00e0nh ph\u1ea7n l\u00e0 c\u00e1c lo\u1ea1i axit b\u00e9o c\u00f3 l\u1ee3i nh\u01b0 omega 3-6-9, rosehip l\u00e0 lo\u1ea1i tinh ch\u1ea5t gi\u00e0u d\u01b0\u1ee1ng ch\u1ea5t, c\u00f3 kh\u1ea3 n\u0103ng nu\u00f4i d\u01b0\u1ee1ng l\u00e0n da \u1ea9m m\u01b0\u1ee3t, k\u00edch th\u00edch s\u1ea3n xu\u1ea5t collagen khi\u1ebfn da tr\u1edf n\u00ean c\u0103ng m\u1ecbn v\u00e0 \u0111\u00e0n h\u1ed3i h\u01a1n.<br \/>\n-Ch\u01b0a h\u1ebft, m\u1ed9t th\u00e0nh ph\u1ea7n kh\u00e1 quan tr\u1ecdng trong n\u1ee5 t\u1ea7m xu\u00e2n \u0111\u00f3 l\u00e0 beta carotene \u2013 m\u1ed9t ch\u1ea5t c\u00f3 kh\u1ea3 n\u0103ng th\u00fac \u0111\u1ea9y qu\u00e1 tr\u00ecnh t\u00e1i t\u1ea1o da, nu\u00f4i d\u01b0\u1ee1ng l\u1edbp bi\u1ec3u b\u00ec v\u00e0 ch\u1ed1ng oxy h\u00f3a hi\u1ec7u qu\u1ea3,gi\u00fap da tr\u1edf n\u00ean \u0111\u1ec1u m\u00e0u v\u00e0 thu g\u1ecdn l\u1ed7 ch\u00e2n l\u00f4ng.<\/p>\n<p><strong>H\u01b0\u01a1\u0301ng d\u00e2\u0303n s\u01b0\u0309 du\u0323ng :<\/strong><br \/>\n&#8211; M\u00f4\u0303i nga\u0300y u\u00f4\u0301ng 2 -4vi\u00ean.<br \/>\n&#8211; \u0110\u00ea\u0309 \u0111a\u0323t hi\u00ea\u0323u qua\u0309 nh\u00e2\u0301t ba\u0323n co\u0301 th\u00ea\u0309 chia ra la\u0300m 2 l\u00e2\u0300n u\u00f4\u0301ng va\u0300o bu\u00f4\u0309i sa\u0301ng va\u0300 t\u00f4\u0301i.<br \/>\n&#8211; M\u00f4\u0303i l\u00e2\u0300n u\u00f4\u0301ng 1 -2vi\u00ean, sau b\u01b0\u0303a \u0103n 30 phu\u0301t.<\/p>\n","protected":false},"excerpt":{"rendered":"<div class=\"clearfix box\">\n<div class=\"clearfix dcontent pdetail-quote\">&#8211; Vi\u00ean U\u00f4\u0301ng Tr\u0103\u0301ng Da Genie Premium Max White \u0111ang la\u0300 sa\u0309n ph\u00e2\u0309m \u0111\u01b0\u01a1\u0323c mo\u0323i ng\u01b0\u01a1\u0300i y\u00eau thi\u0301ch giu\u0301p ba\u0323n s\u01a1\u0309 h\u01b0\u0303u la\u0300n da tr\u0103\u0301ng mi\u0323n ta\u0323i nha\u0300, \u0111a\u0309m ba\u0309o hi\u00ea\u0323u qua\u0309 va\u0300 an toa\u0300n khi s\u01b0\u0309 du\u0323ng. &#8211; Sa\u0309n ph\u00e2\u0309m nu\u00f4i d\u01b0\u01a1\u0303ng da kho\u0309e ma\u0323nh t\u01b0\u0300 s\u00e2u b\u00ean trong, \u01b0\u0301c ch\u00ea\u0301 va\u0300 \u0111a\u0300o tha\u0309i ca\u0301c s\u0103\u0301c t\u00f4\u0301 melanin trong c\u01a1 th\u00ea\u0309, la\u0300m da d\u00e2\u0300n tr\u01a1\u0309 n\u00ean tr\u0103\u0301ng h\u00f4\u0300ng, \u0111\u00ea\u0300u ma\u0300u.<\/div>\n<\/div>\n","protected":false},"featured_media":1881,"comment_status":"closed","ping_status":"closed","template":"","meta":[],"_links":{"self":[{"href":"https:\/\/korea.com.vn\/shop\/wp-json\/wp\/v2\/product\/4951"}],"collection":[{"href":"https:\/\/korea.com.vn\/shop\/wp-json\/wp\/v2\/product"}],"about":[{"href":"https:\/\/korea.com.vn\/shop\/wp-json\/wp\/v2\/types\/product"}],"replies":[{"embeddable":true,"href":"https:\/\/korea.com.vn\/shop\/wp-json\/wp\/v2\/comments?post=4951"}],"wp:featuredmedia":[{"embeddable":true,"href":"https:\/\/korea.com.vn\/shop\/wp-json\/wp\/v2\/media\/1881"}],"wp:attachment":[{"href":"https:\/\/korea.com.vn\/shop\/wp-json\/wp\/v2\/media?parent=4951"}],"curies":[{"name":"wp","href":"https:\/\/api.w.org\/{rel}","templated":true}]}}