{"id":4960,"date":"2020-11-30T13:06:10","date_gmt":"2020-11-30T06:06:10","guid":{"rendered":"https:\/\/korea.com.vn\/shop\/san-pham\/import-placeholder-for-4833\/"},"modified":"2020-12-21T10:46:04","modified_gmt":"2020-12-21T03:46:04","slug":"sieu-pham-trang-da-genie-skin-up-snow-white-body-cream-trang-hong-muot-min-sau-3-ngay","status":"publish","type":"product","link":"https:\/\/korea.com.vn\/shop\/san-pham\/sieu-pham-trang-da-genie-skin-up-snow-white-body-cream-trang-hong-muot-min-sau-3-ngay\/","title":{"rendered":"Kem body tinh th\u1ec3 n\u01b0\u1edbc SNOW WHITE"},"content":{"rendered":"<h4>Da s\u1ea1m \u0111en do \u0111\u00e2u?<\/h4>\n<p>B\u00ecnh th\u01b0\u1eddng nh\u1eefng nguy\u00ean nh\u00e2n l\u00e0m cho da b\u1ecb s\u1ea1m \u0111en v\u00e0 h\u01b0 t\u1ed5n l\u00e0 \u00e1nh n\u1eafng m\u1eb7t tr\u1eddi, gen hay y\u1ebfu t\u1ed1 c\u01a1 \u0111\u1ecba, r\u1ed1i lo\u1ea1n n\u1ed9i ti\u1ebft, t\u00e1c d\u1ee5ng ph\u1ee5 c\u1ee7a h\u00f3a ch\u1ea5t c\u00f3 trong s\u1ea3n ph\u1ea9m b\u00f4i da ho\u1eb7c thu\u1ed1c u\u1ed1ng&#8230;<br \/>\nTrong \u0111\u00f3, \u00e1nh n\u1eafng m\u1eb7t tr\u1eddi \u1ea3nh h\u01b0\u1edfng nhi\u1ec1u nh\u1ea5t. \u00c1nh n\u1eafng m\u1eb7t tr\u1eddi chi\u1ebfu l\u00ean da s\u1ebd l\u00e0m t\u0103ng h\u1eafc t\u1ed1 da g\u00e2y n\u00e1m, sinh ra nhi\u1ec1u g\u1ed1c t\u1ef1 do g\u00e2y l\u00e3o h\u00f3a da, da tr\u1edf n\u00ean th\u00f4 r\u00e1p, nh\u0103n ch\u00f9ng&#8230; M\u1ed9t v\u00e0i lo\u1ea1i tia trong \u00e1nh n\u1eafng m\u1eb7t tr\u1eddi c\u00f2n l\u00e0m suy y\u1ebfu ch\u1ee9c n\u0103ng c\u1ee7a da, l\u00e0m cho da tr\u1edf n\u00ean d\u1ec5 b\u1ecb nh\u1ea1y c\u1ea3m.<br \/>\nKem d\u01b0\u1ee1ng da to\u00e0n th\u00e2n GENIE SKIN UP SNOW WHITE BODY s\u1ebb ng\u0103n ch\u1eb7n kh\u1ea3 n\u0103ng h\u00ecnh th\u00e0nh c\u00e1c s\u1eafc t\u1ed1 melanin, t\u0103ng \u0111\u1ec1 kh\u00e1ng cho da, h\u00ecnh th\u00e0nh 1 \u00e1o gi\u00e1o b\u1ea3o v\u1ec7 da kho\u1ebb h\u01a1n d\u00f9 c\u00f3 ti\u1ebfp x\u00fac v\u1edbi n\u1eafng c\u1ee7ng kh\u00f3 \u0111en h\u01a1n.<br \/>\n<img src=\"https:\/\/vyparisspa.vn\/uploads\/editer\/images\/107852498_3051804048279718_6873461625758956490_o.jpg\" alt=\"\" \/><\/p>\n<h4><strong>Da s\u1ea1m \u0111en do \u0111\u00e2u?<\/strong><\/h4>\n<p>B\u00ecnh th\u01b0\u1eddng nh\u1eefng nguy\u00ean nh\u00e2n l\u00e0m cho da b\u1ecb s\u1ea1m \u0111en v\u00e0 h\u01b0 t\u1ed5n l\u00e0 \u00e1nh n\u1eafng m\u1eb7t tr\u1eddi, gen hay y\u1ebfu t\u1ed1 c\u01a1 \u0111\u1ecba, r\u1ed1i lo\u1ea1n n\u1ed9i ti\u1ebft, t\u00e1c d\u1ee5ng ph\u1ee5 c\u1ee7a h\u00f3a ch\u1ea5t c\u00f3 trong s\u1ea3n ph\u1ea9m b\u00f4i da ho\u1eb7c thu\u1ed1c u\u1ed1ng&#8230;<\/p>\n<p>Trong \u0111\u00f3, \u00e1nh n\u1eafng m\u1eb7t tr\u1eddi \u1ea3nh h\u01b0\u1edfng nhi\u1ec1u nh\u1ea5t. \u00c1nh n\u1eafng m\u1eb7t tr\u1eddi chi\u1ebfu l\u00ean da s\u1ebd l\u00e0m t\u0103ng h\u1eafc t\u1ed1 da g\u00e2y n\u00e1m, sinh ra nhi\u1ec1u g\u1ed1c t\u1ef1 do g\u00e2y l\u00e3o h\u00f3a da, da tr\u1edf n\u00ean th\u00f4 r\u00e1p, nh\u0103n ch\u00f9ng&#8230; M\u1ed9t v\u00e0i lo\u1ea1i tia trong \u00e1nh n\u1eafng m\u1eb7t tr\u1eddi c\u00f2n l\u00e0m suy y\u1ebfu ch\u1ee9c n\u0103ng c\u1ee7a da, l\u00e0m cho da tr\u1edf n\u00ean d\u1ec5 b\u1ecb nh\u1ea1y c\u1ea3m.<\/p>\n<p>Kem d\u01b0\u1ee1ng da to\u00e0n th\u00e2n GENIE SKIN UP SNOW WHITE BODY s\u1ebb ng\u0103n ch\u1eb7n kh\u1ea3 n\u0103ng h\u00ecnh th\u00e0nh c\u00e1c s\u1eafc t\u1ed1 melanin, t\u0103ng \u0111\u1ec1 kh\u00e1ng cho da, h\u00ecnh th\u00e0nh 1 \u00e1o gi\u00e1o b\u1ea3o v\u1ec7 da kho\u1ebb h\u01a1n d\u00f9 c\u00f3 ti\u1ebfp x\u00fac v\u1edbi n\u1eafng c\u1ee7ng kh\u00f3 \u0111en h\u01a1n.<\/p>\n<p>V\u00f9ng da n\u00e0o d\u1ec5 b\u1ecb s\u1ea1m?<\/p>\n<p>T\u1eeb nguy\u00ean nh\u00e2n tr\u00ean , c\u00f3 th\u1ec3 th\u1ea5y r\u1eb1ng , nh\u1eefng v\u00f9ng da th\u01b0\u1eddng xuy\u00ean ti\u1ebfp x\u00fac v\u1edbi \u00e1nh n\u1eafng m\u1eb7t tr\u1eddi d\u1ec5 b\u1ecb s\u1ea1m nh\u1ea5t , \u0111i\u1ec3n h\u00ecnh l\u00e0 c\u00e1c v\u1ecb tr\u00ed sau :<\/p>\n<p>Da m\u1eb7t:<br \/>\n\u0110\u00e2y l\u00e0 v\u00f9ng da d\u1ec5 b\u1ecb s\u1ea1m nh\u1ea5t , k\u1ec3 c\u1ea3 khi b\u1ea1n \u0111\u00e3 che ch\u1eafn k\u1ef9 l\u01b0\u1ee1ng b\u1eb1ng kh\u1ea9u trang , m\u0169 r\u1ed9ng v\u00e0nh , kem ch\u1ed1ng n\u1eafng , &#8230; v\u00ec c\u1ea5u tr\u00fac v\u00f9ng da m\u1eb7t m\u1ecfng h\u01a1n so v\u1edbi nh\u1eefng khu v\u1ef1c kh\u00e1c .<\/p>\n<p>Da c\u1ed5:<br \/>\nV\u00f9ng c\u1ed5 v\u1ed1n c\u00f3 m\u00e0u t\u1ed1i h\u01a1n m\u1eb7t . \u0110\u00e2y c\u0169ng l\u00e0 v\u1ecb tr\u00ed th\u01b0\u1eddng b\u1ecb x\u1ec9n m\u00e0u do ti\u1ebfp x\u00fac v\u1edbi \u00e1nh n\u1eafng m\u1eb7t tr\u1eddi , nh\u1ea5t l\u00e0 \u1edf nh\u1eefng ng\u01b0\u1eddi c\u00f3 s\u1edf th\u00edch m\u1eb7c \u00e1o c\u1ed5 r\u1ed9ng , \u00e1o hai d\u00e2y v\u00e0 th\u01b0\u1eddng b\u1ecf qua vi\u1ec7c thoa kem ch\u1ed1ng n\u1eafng cho v\u00f9ng c\u1ed5 .<\/p>\n<p>Da tay:<br \/>\nMu b\u00e0n tay c\u0169ng l\u00e0 v\u1ecb tr\u00ed hay ph\u1ea3i \u201cph\u01a1i n\u1eafng\u201d , l\u1ea1i th\u01b0\u1eddng xuy\u00ean ti\u1ebfp x\u00fac v\u1edbi h\u00f3a ch\u1ea5t nh\u01b0 : X\u00e0 ph\u00f2ng , n\u01b0\u1edbc x\u1ea3 v\u1ea3i , n\u01b0\u1edbc r\u1eeda b\u00e1t , &#8230; n\u00ean d\u1ec5 k\u00edch th\u00edch c\u00e1c t\u1ebf b\u00e0o g\u00e2y s\u1ea1m ph\u00e1t tri\u1ec3n .<\/p>\n<p>Da ch\u00e2n<br \/>\n\u0110\u1eb7c bi\u1ec7t l\u00e0 b\u00e0n ch\u00e2n th\u01b0\u1eddng b\u1ecb l\u00e3ng qu\u00ean , \u00edt \u0111\u01b0\u1ee3c ch\u0103m s\u00f3c . N\u1ebfu b\u1ea1n kh\u00f4ng th\u01b0\u1eddng xuy\u00ean \u0111i gi\u00e0y , v\u00f9ng da ch\u00e2n c\u0169ng th\u01b0\u1eddng xuy\u00ean ti\u1ebfp x\u00fac v\u1edbi \u00e1nh n\u1eafng n\u00ean d\u1ec5 tr\u1edf n\u00ean x\u1ec9n v\u00e0 \u0111en s\u1ea1m.<\/p>\n<h4>C\u00e1ch ch\u0103m s\u00f3c da th\u00f4ng th\u01b0\u1eddng:<\/h4>\n<p>Ch\u00fa \u00fd b\u1ea3o v\u1ec7 da ch\u1ed1ng n\u1eafng th\u1eadt t\u1ed1t b\u1eb1ng c\u00e1ch \u0111eo kh\u1ea9u trang, \u0111\u1ed9i n\u00f3n r\u1ed9ng v\u00e0nh, b\u00f4i k\u00e9m ch\u1ed1ng n\u1eafng \u0111\u00fang c\u00e1ch khi ph\u1ea3i ra ngo\u00e0i tr\u1eddi n\u1eafng. N\u1ebfu kh\u00f4ng b\u1eaft bu\u1ed9c, b\u1ea1n c\u1ea7n h\u1ea1n ch\u1ebf \u0111i n\u1eafng trong kho\u1ea3ng th\u1eddi gian t\u1eeb 9 gi\u1edd s\u00e1ng \u0111\u1ebfn 16 gi\u1edd chi\u1ec1u.<\/p>\n<p>Ngo\u00e0i ra, c\u00e1c b\u00e1c s\u0129 da li\u1ec5u H\u00e0n Qu\u1ed1c th\u01b0\u1eddng khuy\u1ebfn kh\u00edch m\u1ecdi ng\u01b0\u1eddi n\u00ean d\u00f9ng s\u1ea3n ph\u1ea9m c\u00f3 t\u00e1c d\u1ee5ng tr\u1ebb h\u00f3a v\u00e0 \u0111i\u1ec1u tr\u1ecb n\u00e1m, d\u01b0\u1ee1ng \u1ea9m da t\u1eeb s\u1edbm.<\/p>\n<p>nKem body d\u01b0\u1ee1ng tr\u1eafng da SNOW WHITE \u0111\u01b0\u1ee3c ch\u1ee9ng nh\u1eadn an to\u00e0n v\u00e0\u00a0\u0111\u01b0\u1ee3c xem l\u00e0 gi\u1ea3i ph\u00e1p nu\u00f4i d\u01b0\u1ee1ng da tr\u1eafng m\u1ec1m m\u1ecbn hi\u1ec7u qu\u1ea3 c\u1ee7a c\u00e1c c\u00f4 g\u00e1i H\u00e0n Qu\u1ed1c.<\/p>\n<p>Ngo\u00e0i t\u00e1c d\u1ee5ng l\u00e0m tr\u1eafng, s\u1ea3n ph\u1ea9m kem d\u01b0\u1ee1ng body c\u00f2n c\u00f3 kh\u1ea3 n\u0103ng gi\u1eef \u1ea9m v\u00e0 ch\u1ed1ng n\u1eafng cao gi\u00fap da c\u1ee7a b\u1ea1n \u0111\u01b0\u1ee3c b\u1ea3o v\u1ec7 v\u00e0 nu\u00f4i d\u01b0\u1ee1ng to\u00e0n di\u1ec7n.<\/p>\n<p>Ch\u1ea5t kem tinh th\u1ec3 n\u01b0\u1edbc th\u1ea5m 100%, kh\u00f4ng \u0111\u1ec3 l\u1ed9 v\u00e2n kem hay khuy\u1ebft \u0111i\u1ec3m tr\u00ean da, tr\u1eafng h\u1ed3ng t\u1ef1 nhi\u00ean kh\u00f4ng b\u1ebft r\u00edt.<\/p>\n<p><img src=\"https:\/\/vyparisspa.vn\/uploads\/editer\/images\/kem(1).jpg\" alt=\"\" \/><\/p>\n<p>Tha\u0300nh pha\u0302\u0300n:<br \/>\nChie\u0302\u0301t xua\u0302\u0301t ho\u0302\u0300ng sa\u0302m, hoa ma\u0302\u0303u \u0111o\u031bn, chu\u031b\u0301a ho\u031bn 94% tha\u0300nh pha\u0302\u0300n co\u0301 nguo\u0302\u0300n go\u0302\u0301c tu\u031b\u0323 nhie\u0302n, Ta\u0302\u0301t ca\u0309 nu\u031bo\u031b\u0301c tinh khie\u0302\u0301t Sungbo, glycerin, ru\u031bo\u031b\u0323u cetearyl, diol 1,2-hexane, squalane thu\u031b\u0323c va\u0323\u0302t, ta\u0309o be\u0323, la\u0301 tha\u0309o du\u031bo\u031b\u0323c Trung Quo\u0302\u0301c, re\u0302\u0303 ca\u0302y dang tha\u0323\u0302t, re\u0302\u0303 ca\u0302y thie\u0302n ly\u0301, re\u0302\u0303 ca\u0302y Ho Jang Geun, tra\u0300 xanh, la\u0301 hu\u031bo\u031bng tha\u0309o,\u00a0\u00a0da\u0302\u0300u ha\u0323t tra\u0300 xanh.<br \/>\nC\u00d4NG D\u1ee4NG Kem D\u01b0\u1ee1ng Tr\u1eafng body GENIE Skin Up Snow White:<\/p>\n<ul>\n<li style=\"list-style-type: none\">\n<ul>\n<li>L\u00e0m b\u1eadt tone da c\u1ea5p t\u1ed1c sau 7 ng\u00e0y<\/li>\n<\/ul>\n<\/li>\n<\/ul>\n<ul>\n<li style=\"list-style-type: none\">\n<ul>\n<li>Nu\u00f4i d\u01b0\u1ee1ng l\u00e0n da m\u1ec1m m\u1ecbni<\/li>\n<\/ul>\n<\/li>\n<\/ul>\n<ul>\n<li style=\"list-style-type: none\">\n<ul>\n<li>Lo\u1ea1i b\u1ecf s\u1eafc t\u1ed1 \u0111en t\u00ecm \u1ea9n trong da<\/li>\n<\/ul>\n<\/li>\n<\/ul>\n<ul>\n<li style=\"list-style-type: none\">\n<ul>\n<li>L\u00e0m tr\u1eafng da m\u1ecbn nh\u01b0 s\u1eefa \u0111\u1ed3ng th\u1eddi khi\u1ebfn da h\u1ed3ng h\u00e0o, t\u1ef1 nhi\u00ean<\/li>\n<\/ul>\n<\/li>\n<\/ul>\n<ul>\n<li style=\"list-style-type: none\">\n<ul>\n<li>Cung c\u1ea5p \u0111\u1ea7y \u0111\u1ee7 n\u01b0\u1edbc, kho\u00e1ng ch\u1ea5t gi\u00fap c\u00e2n b\u1eb1ng \u0111\u1ed9 \u1ea9m cho da<\/li>\n<\/ul>\n<\/li>\n<\/ul>\n<ul>\n<li style=\"list-style-type: none\">\n<ul>\n<li>L\u00e0m k\u1ebft c\u1ea5u da v\u1eefng ch\u1eafc v\u1edbi ch\u1ea5t d\u01b0\u1ee1ng \u1ea9m c\u00f3 s\u1eb5n b\u00ean trong c\u00e1c th\u00e0nh ph\u1ea7n d\u01b0\u1ee1ng \u1ea9m cung c\u1ea5p n\u01b0\u1edbc v\u00e0 kho\u00e1ng ch\u1ea5t th\u1ea9m th\u1ea5u s\u00e2u v\u00e0o b\u00ean trong da<\/li>\n<\/ul>\n<\/li>\n<\/ul>\n<p><img src=\"https:\/\/vyparisspa.vn\/uploads\/editer\/images\/345566.jpg\" alt=\"\" \/><\/p>\n<h4>S\u1ea3n ph\u1ea9m kh\u00f4ng t\u1ea9y da v\u1edbi ti\u00eau ch\u00ed 5 KH\u00d4NG:<\/h4>\n<p>Kh\u00f4ng Bezophenoe &#8211; Kh\u00f4ng d\u1ea7u kho\u00e1ng &#8211; Kh\u00f4ng Phenoxy Ethanol &#8211; Kh\u00f4ng paraben &#8211; Kh\u00f4ng ch\u1ea5t nhu\u1ed9m, ph\u1ea9m m\u00e0u<\/p>\n<p>H\u01b0\u1edbng d\u1eabn s\u1eed d\u1ee5ng:<br \/>\nSau khi t\u1eafm. Lau kh\u00f4 ng\u01b0\u1eddi. B\u00f4i m\u1ed9t l\u01b0\u1ee3ng v\u1eeba \u0111\u1ee7 l\u00ean c\u01a1 th\u1ec3. Massage nh\u1eb9 nh\u00e0ng tr\u00ean b\u1ea5t k\u1ef3 khu v\u1ef1c mu\u1ed1n l\u00e0m tr\u1eafng theo chuy\u1ec3n \u0111\u1ed9ng tr\u00f2n trong v\u00f2ng 2-3 ph\u00fat. Thoa body m\u1ed7i s\u00e1ng t\u1ed1i k\u1ebft h\u1ee3p v\u1edbi vi\u1ec7c t\u1ea9y da ch\u1ebft \u0111\u1ec3 \u0111\u1ea1t hi\u1ec7u qu\u1ea3 cao nh\u1ea5t<\/p>\n","protected":false},"excerpt":{"rendered":"<p>Ch\u1ecb H\u00e0 Thu kh\u00e1ch h\u00e0ng c\u1ee7a Genie t\u00e2m s\u1ef1: \u201cTr\u01b0\u1edbc \u0111\u00e2y ch\u1ecb \u0111\u00e3 d\u00f9ng qua nhi\u1ec1u lo\u1ea1i kem body nh\u01b0ng thoa 1 2 ng\u00e0y l\u1ea1i \u0111\u1ec3 \u0111\u1ea5y kh\u00f4ng d\u00f9ng n\u1eefa, v\u00ec c\u00f3 lo\u1ea1i ko th\u1ea5m, lo\u1ea1i th\u1ea5m th\u00ec ko th\u01a1m, l\u00e2u b\u1eadt tone&#8230; Nh\u01b0ng t\u1eeb khi d\u00f9ng kem d\u01b0\u1ee1ng si\u00eau tr\u1eafng m\u1ecbn GENIE Snow White th\u00ec si\u00eang thoa h\u1eb5n, ch\u1ea5t kem th\u1ea5m nhanh v\u00e0 tr\u1eafng nhanh nh\u1ea5t trong c\u00e1c d\u00f2ng ch\u1ecb \u0111\u00e3 d\u00f9ng qua\u201d<\/p>\n","protected":false},"featured_media":1897,"comment_status":"closed","ping_status":"closed","template":"","meta":[],"_links":{"self":[{"href":"https:\/\/korea.com.vn\/shop\/wp-json\/wp\/v2\/product\/4960"}],"collection":[{"href":"https:\/\/korea.com.vn\/shop\/wp-json\/wp\/v2\/product"}],"about":[{"href":"https:\/\/korea.com.vn\/shop\/wp-json\/wp\/v2\/types\/product"}],"replies":[{"embeddable":true,"href":"https:\/\/korea.com.vn\/shop\/wp-json\/wp\/v2\/comments?post=4960"}],"wp:featuredmedia":[{"embeddable":true,"href":"https:\/\/korea.com.vn\/shop\/wp-json\/wp\/v2\/media\/1897"}],"wp:attachment":[{"href":"https:\/\/korea.com.vn\/shop\/wp-json\/wp\/v2\/media?parent=4960"}],"curies":[{"name":"wp","href":"https:\/\/api.w.org\/{rel}","templated":true}]}}