{"id":4961,"date":"2020-11-30T13:06:10","date_gmt":"2020-11-30T06:06:10","guid":{"rendered":"https:\/\/korea.com.vn\/shop\/san-pham\/import-placeholder-for-4834\/"},"modified":"2020-12-09T15:07:03","modified_gmt":"2020-12-09T08:07:03","slug":"mat-na-yen-sao-yoona","status":"publish","type":"product","link":"https:\/\/korea.com.vn\/shop\/san-pham\/mat-na-yen-sao-yoona\/","title":{"rendered":"M\u1eb6T N\u1ea0 Y\u1ebeN S\u00c0O YOONA"},"content":{"rendered":"<p><strong>C\u00d4NG D\u1ee4NG TUY\u1ec6T V\u1edcI C\u1ee6A M\u1eb6T N\u1ea0 Y\u1ebeN S\u00c0O YOONA<\/strong><\/p>\n<p>K\u00edch th\u00edch t\u0103ng sinh collagen v\u00e0 elastin, gi\u00fap da c\u0103ng b\u00f3ng, \u0111\u00e0n h\u1ed3i v\u00e0 m\u1ecbn m\u00e0ng.<\/p>\n<ul>\n<li style=\"list-style-type: none\">\n<ul>\n<li>C\u1ea5p \u1ea9m v\u00e0 gi\u1eef \u1ea9m cho da su\u1ed1t 72 gi\u1edd.<\/li>\n<\/ul>\n<\/li>\n<\/ul>\n<ul>\n<li style=\"list-style-type: none\">\n<ul>\n<li>Tr\u1ebb h\u00f3a l\u00e0n da, ng\u0103n ng\u1eeba qu\u00e1 tr\u00ecnh l\u00e3o h\u00f3a<\/li>\n<\/ul>\n<\/li>\n<\/ul>\n<ul>\n<li style=\"list-style-type: none\">\n<ul>\n<li>T\u0103ng c\u01b0\u1eddng h\u1ec7 mi\u1ec5n d\u1ecbch cho da, gi\u00fap da ch\u1ed1ng l\u1ea1i \u0111\u01b0\u1ee3c nh\u1eefng t\u00e1c nh\u00e2n g\u00e2y h\u1ea1i t\u1eeb m\u00f4i tr\u01b0\u1eddng.<\/li>\n<\/ul>\n<\/li>\n<\/ul>\n<ul>\n<li style=\"list-style-type: none\">\n<ul>\n<li>Xoa d\u1ecbu h\u1ec7 th\u1ea7n kinh tr\u00ean khu\u00f4n m\u1eb7t, gi\u1ea3i t\u1ecfa stress v\u00e0 c\u0103ng th\u1eb3ng<img src=\"https:\/\/vyparisspa.vn\/uploads\/editer\/images\/mat-na-yen-sao-yona%20(3).jpg\" alt=\"\" \/><\/li>\n<\/ul>\n<\/li>\n<\/ul>\n<p><strong>L\u00c0N DA \u1ea8M M\u1ecaN, T\u01af\u01a0I TR\u1eba &amp; KH\u1eceE M\u1ea0NH \u2013 T\u1ea4T C\u1ea2 C\u00d3 TRONG M\u1ed8T S\u1ea2N PH\u1ea8M M\u1eb6T N\u1ea0 Y\u1ebeN S\u00c0O YOONA<\/strong><\/p>\n<p>\u0110\u01b0\u1ee3c chi\u1ebft xu\u1ea5t t\u1eeb lo\u00e0i Y\u1ebfn Fuciphaga H\u00e0n Qu\u1ed1c v\u00e0 c\u00e1c lo\u1ea1i th\u1ea3o m\u1ed9c thi\u00ean nhi\u00ean H\u00e0n Qu\u1ed1c, m\u1eb7t n\u1ea1 y\u1ebfn s\u00e0o Yoona \u0111\u01b0\u1ee3c \u01b0u \u00e1i s\u1edf h\u1eefu nh\u1eefng th\u00e0nh ph\u1ea7n acid amin thi\u1ebft y\u1ebfu mang l\u1ea1i nh\u1eefng t\u00e1c d\u1ee5ng t\u00edch c\u1ef1c \u0111\u1ed1i v\u1edbi l\u00e0n da g\u1ed3m threonine, Serine v\u00e0 Glutamic acid\u2026Trong \u0111\u00f3:<\/p>\n<p>&#8211;\u00a0<strong>Threonine<\/strong>\u00a0gi\u1eef ch\u1ee9c n\u0103ng ch\u00ednh trong vi\u1ec7c th\u00fac \u0111\u1ea9y s\u1ef1 h\u00ecnh th\u00e0nh hai ch\u1ea5t li\u00ean k\u1ebft c\u00e1c t\u1ebf b\u00e0o c\u1ee7a l\u00e0n da l\u00e0 elastin v\u00e0 collagen. \u0110\u1ed3ng th\u1eddi, \u0111\u00e2y c\u00f2n l\u00e0 ho\u1ea1t ch\u1ea5t cung c\u1ea5p \u1ea9m l\u00fd t\u01b0\u1edfng cho l\u00e0n da. Gi\u00fap l\u00e0m \u0111\u1ea7y c\u00e1c n\u1ebfp nh\u0103n tr\u00ean da, tr\u1ea3 l\u1ea1i v\u1ebb c\u0103ng b\u00f3ng, \u1ea9m m\u1ecbn v\u00e0 \u0111\u00e0n h\u1ed3i, tr\u1ebb h\u00f3a cho l\u00e0n da.<\/p>\n<p>&#8211;\u00a0<strong>Serine<\/strong>\u00a0k\u00edch th\u00edch qu\u00e1 tr\u00ecnh h\u00ecnh th\u00e0nh c\u00e1c vi ch\u1ea5t trong c\u01a1 th\u1ec3, t\u0103ng c\u01b0\u1eddng h\u1ec7 mi\u1ec5n d\u1ecbch cho c\u01a1 th\u1ec3 v\u00e0 l\u00e0n da, gi\u00fap b\u1ea3o v\u1ec7 da lu\u00f4n \u0111\u1eb9p v\u00e0 kh\u1ecfe m\u1ea1nh tr\u01b0\u1edbc c\u00e1c t\u00e1c nh\u00e2n c\u00f3 h\u1ea1i t\u1eeb b\u00ean ngo\u00e0i nh\u01b0 kh\u00f3i b\u1ee5i, \u00e1nh n\u1eafng gay g\u1eaft, m\u00f4i tr\u01b0\u1eddng \u00f4 nhi\u1ec5m, h\u00f3a ch\u1ea5t.<\/p>\n<p>&#8211;\u00a0<strong>Glutamic acid<\/strong>\u00a0l\u00e0 m\u1ed9t ch\u1ea5t d\u1eabn truy\u1ec1n th\u1ea7n kinh, tham gia k\u00edch th\u00edch th\u1ea7n kinh l\u00e0m t\u0103ng ti\u1ebft adrenalin. Gi\u00fap xoa d\u1ecbu h\u1ec7 th\u1ea7n kinh tr\u00ean khu\u00f4n m\u1eb7t, gi\u1ea3i t\u1ecfa stress v\u00e0 c\u0103ng th\u1eb3ng \u2013 nguy\u00ean nh\u00e2n d\u1eabn \u0111\u1ebfn t\u00ecnh tr\u1ea1ng h\u01b0 t\u1ed5n v\u00e0 l\u00e3o h\u00f3a da.<br \/>\n<img src=\"https:\/\/vyparisspa.vn\/uploads\/editer\/images\/mat-na-yen-sao-yona%20(2).jpg\" alt=\"\" \/><\/p>\n<p><strong>V\u1edaI M\u1eb6T N\u1ea0 Y\u1ebeN S\u00c0O YOONA L\u00c0M \u0110\u1eb8P L\u00c0 KH\u00d4NG GI\u1edaI H\u1ea0N<\/strong><\/p>\n<p>V\u1edbi h\u00e0ng lo\u1ea1t c\u00f4ng d\u1ee5ng tuy\u1ec7t v\u1eddi v\u00e0 hi\u1ec7u qu\u1ea3 m\u00e0 m\u1eb7t n\u1ea1 y\u1ebfn s\u00e0o Yoona mang l\u1ea1i, b\u1ea1n s\u1ebd d\u1ec5 d\u00e0ng s\u1edf h\u1eefu ngay m\u1ed9t l\u00e0n da kh\u00f4ng ch\u1ec9 \u0111\u1eb9p m\u1ecbn m\u00e0ng, h\u1ed3ng h\u00e0o m\u00e0 c\u00f2n lu\u00f4n t\u01b0\u01a1i tr\u1ebb, kh\u1ecfe m\u1ea1nh th\u00e1ch th\u1ee9c th\u1eddi gian v\u00e0 tu\u1ed5i t\u00e1c.<\/p>\n<p>V\u00e0 d\u0129 nhi\u00ean khi s\u1edf h\u1eefu m\u1ed9t g\u01b0\u01a1ng m\u1eb7t cu\u1ed1n h\u00fat v\u1edbi l\u00e0n da m\u00e0 bao ng\u01b0\u1eddi ao \u01b0\u1edbc c\u00f3 \u0111\u01b0\u1ee3c, b\u1ea1n s\u1ebd t\u1ef1 tin h\u01a1n, y\u00eau \u0111\u1eddi h\u01a1n, \u0111\u01b0\u1ee3c nhi\u1ec1u c\u01a1 h\u1ed9i s\u0103n \u0111\u00f3n h\u01a1n. \u0110\u00f3 ch\u00ednh l\u00e0 nh\u1eefng y\u1ebfu t\u1ed1 gi\u00fap b\u1ea1n lu\u00f4n trong tr\u1ea1ng th\u00e1i tr\u1ebb trung, vui t\u01b0\u01a1i , nh\u1edd \u0111\u00f3 gi\u1eef \u0111\u01b0\u1ee3c m\u1ed9t l\u00e0n da kh\u00f4ng tu\u1ed5i.<\/p>\n<p><strong>S\u1ea2N PH\u1ea8M \u0110\u1ed8C QUY\u1ec0N V\u1edaI NH\u1eeeNG CAM K\u1ebeT T\u1eea VYPARIS<\/strong><\/p>\n<p>S\u1ea3n ph\u1ea9m M\u1eb7t n\u1ea1 Y\u1ebfn s\u00e0o Yoona \u0111\u01b0\u1ee3c Vyparis\u00a0nh\u1eadp kh\u1ea9u \u0111\u1ed9c quy\u1ec1n t\u1eeb H\u00e0n Qu\u1ed1c sau khi tr\u1ea3i qua m\u1ed9t qu\u00e1 tr\u00ecnh d\u00e0i t\u00ecm ki\u1ebfm, ph\u00e1t hi\u1ec7n v\u00e0 th\u1eed nghi\u1ec7m tr\u00ean nh\u1eefng l\u00e0n da \u0111\u1eb7c tr\u01b0ng c\u1ee7a khu v\u1ef1c kh\u00ed h\u1eadu n\u00f3ng \u1ea9m, kh\u00f3 ch\u1ecbu t\u1ea1i Vi\u1ec7t Nam. T\u1ea5t c\u1ea3 \u0111\u00e3 \u0111\u01b0\u1ee3c minh ch\u1ee9ng v\u1edbi 3 ti\u00eau ch\u00ed m\u00e0 gi\u1edbi l\u00e0m \u0111\u1eb9p c\u00f3 th\u1ec3 ho\u00e0n to\u00e0n y\u00ean t\u00e2m s\u1eed d\u1ee5ng:<\/p>\n<ul>\n<li style=\"list-style-type: none\">\n<ul>\n<li>AN TO\u00c0N: S\u1ea3n ph\u1ea9m c\u00f3 chi\u1ebft xu\u1ea5t th\u00e0nh ph\u1ea7n ho\u00e0n to\u00e0n t\u1eeb t\u1ef1 nhi\u00ean theo m\u1ed9t quy tr\u00ecnh c\u00f4ng ngh\u1ec7 hi\u1ec7n \u0111\u1ea1i, kh\u00e9p k\u00edn, \u0111\u1ec1 cao s\u1ef1 an to\u00e0n t\u1ed1i \u0111a tr\u00ean l\u00e0n da m\u1ecfng manh c\u1ee7a ng\u01b0\u1eddi s\u1eed d\u1ee5ng m\u00e0 kh\u00f4ng \u0111\u1ec3 l\u1ea1i ph\u1ea3n \u1ee9ng hay t\u00e1c d\u1ee5ng ph\u1ee5 v\u1ec1 sau.<\/li>\n<\/ul>\n<\/li>\n<\/ul>\n<ul>\n<li style=\"list-style-type: none\">\n<ul>\n<li>HI\u1ec6U QU\u1ea2: T\u1eeb ngay sau l\u1ea7n s\u1eed d\u1ee5ng \u0111\u1ea7u ti\u00ean, b\u1ea1n s\u1ebd c\u1ea3m nh\u1eadn \u0111\u01b0\u1ee3c nh\u1eefng chuy\u1ec3n bi\u1ebfn t\u00edch c\u1ef1c tr\u00ean da v\u00e0 s\u1ebd d\u1ea7n t\u00ecm th\u1ea5y s\u1ef1 h\u00e0i l\u00f2ng sau nh\u1eefng l\u1ea7n s\u1eed d\u1ee5ng sau m\u1ed9t c\u00e1ch \u0111\u1ec1u \u0111\u1eb7n \u0111\u00fang theo h\u01b0\u1edbng d\u1eabn.<\/li>\n<\/ul>\n<\/li>\n<\/ul>\n<ul>\n<li style=\"list-style-type: none\">\n<ul>\n<li>TI\u1ebeT KI\u1ec6M: Gi\u00e1 b\u00e1n s\u1ea3n ph\u1ea9m kh\u00f4ng qu\u00e1 cao, kh\u00f4ng t\u1ed1n th\u1eddi gian v\u00e0 c\u00f4ng s\u1ee9c \u0111\u1ec3 \u0111\u1ebfn Spa ch\u0103m s\u00f3c da, b\u1ea1n ho\u00e0n to\u00e0n c\u00f3 th\u1ec3 ti\u1ebft ki\u1ec7m \u0111\u01b0\u1ee3c m\u1ed9t kho\u1ea3n chi ph\u00ed \u0111\u1ec3 \u0111\u1ea7u t\u01b0 v\u00e0o m\u1ee5c \u0111\u00edch kh\u00e1c.<\/li>\n<\/ul>\n<\/li>\n<\/ul>\n<p><img src=\"https:\/\/vyparisspa.vn\/uploads\/editer\/images\/mat-na-yen-sao-yona%20(1)(1).jpg\" alt=\"\" \/><br \/>\n<strong>C\u00d9NG TR\u1ea2I NGHI\u1ec6M \u0110\u1ec2 C\u1ea2M NH\u1eacN S\u1ef0 KH\u00c1C BI\u1ec6T T\u1eea M\u1eb6T N\u1ea0 Y\u1ebeN S\u00c0O YOONA<\/strong><\/p>\n<p>Ngay b\u00e2y gi\u1edd, vi\u1ec7c b\u1ea1n n\u00ean l\u00e0m l\u00e0 nhanh tay \u0111\u1eb7t mua ngay s\u1ea3n ph\u1ea9m \u0111\u1ec3 tr\u1ea3i nghi\u1ec7m s\u1ef1 kh\u00e1c bi\u1ec7t ngay t\u1eeb l\u1ea7n \u0111\u1ea7u ti\u00ean s\u1eed d\u1ee5ng. \u0110\u00f3 l\u00e0 m\u1ed9t c\u1ea3m gi\u00e1c m\u00e1t m\u00e1t, l\u00e0nh l\u1ea1nh th\u01b0 gi\u00e3n khi \u0111\u01b0\u1ee3c \u0111\u1eafp l\u00ean m\u1eb7t v\u00e0 c\u1ea3m gi\u00e1c l\u00e0n da lu\u00f4n \u1ea9m m\u1ecbn, c\u0103ng m\u1ecdng c\u1ea3 sau 72 gi\u1edd sau \u0111\u00f3 m\u00e0 b\u1ea1n kh\u00f3 c\u00f3 th\u1ec3 t\u00ecm th\u1ea5y \u1edf m\u1ed9t s\u1ea3n ph\u1ea9m n\u00e0o kh\u00e1c tr\u00ean th\u1ecb tr\u01b0\u1eddng hi\u1ec7n nay.<\/p>\n<p>V\u1edbi M\u1eb7t n\u1ea1 y\u1ebfn s\u00e0o Yoona, kh\u00f4ng ch\u1ec9 d\u1eebng l\u1ea1i l\u00e0 m\u1ed9t s\u1ea3n ph\u1ea9m l\u00e0m \u0111\u1eb9p m\u00e0 c\u00f2n l\u00e0 \u201cb\u00ed k\u00edp\u201d trong cu\u1ed9c chi\u1ebfn b\u1ea3o v\u1ec7 v\u00e0 t\u00f4n vinh s\u1eafc \u0111\u1eb9p c\u1ee7a b\u1ea1n.<\/p>\n<p><strong>4 B\u01af\u1edaC \u0110\u01a0N GI\u1ea2N \u0110\u1ec2 C\u00d3 \u0110\u01af\u1ee2C L\u00c0N DA M\u1ecaN M\u00c0N T\u01af\u01a0I TR\u1eba V\u1edaI M\u1eb6T N\u1ea0 Y\u1ebeN S\u00c0O YOONA<\/strong><\/p>\n<p>&#8211; B\u01b0\u1edbc 1: R\u1eeda tay s\u1ea1ch v\u00e0 l\u00e0m s\u1ea1ch s\u00e2u da m\u1eb7t b\u1eb1ng n\u01b0\u1edbc \u1ea5m, s\u1eefa r\u1eeda m\u1eb7t ph\u00f9 h\u1ee3p, v\u00e0 t\u1ea9y t\u1ebf b\u00e0o ch\u1ebft cho da.<br \/>\n&#8211; B\u01b0\u1edbc 2: Lau kh\u00f4 m\u1eb7t \u0111\u1ebfn khi c\u00f2n ch\u00fat \u1ea9m, \u0111\u1eafp m\u1ed9t l\u1edbp m\u1eb7t n\u1ea1 Yoona l\u00ean to\u00e0n khu\u00f4n m\u1eb7t<br \/>\n&#8211; B\u01b0\u1edbc 3: Massage nh\u1eb9 nh\u00e0ng \u0111\u1ec3 tinh ch\u1ea5t th\u1ea5m \u0111\u1ec1u v\u00e0o da v\u00e0 n\u1eb1m th\u01b0 gi\u00e3n kho\u1ea3ng 30 ph\u00fat.<br \/>\n&#8211; B\u01b0\u1edbc 4: R\u1eeda m\u1eb7t nh\u1eb9 nh\u00e0ng l\u1ea1i b\u1eb1ng n\u01b0\u1edbc s\u1ea1ch.<br \/>\n<em>*L\u01b0u \u00fd:<\/em><br \/>\n&#8211; S\u1eed d\u1ee5ng \u0111\u1ec1u \u0111\u1eb7n m\u1eb7t n\u1ea1 y\u1ebfn s\u00e0o Yoona 2 \u2013 3 l\u1ea7n \/tu\u1ea7n tr\u01b0\u1edbc khi \u0111i ng\u1ee7 \u0111\u1ec3 c\u00f3 \u0111\u01b0\u1ee3c l\u00e0n da m\u1ecbn m\u00e0ng, tr\u1ebb h\u00f3a v\u00e0 tr\u00e0n \u0111\u1ea7y s\u1ee9c s\u1ed1ng.<br \/>\n&#8211; B\u1ea3o qu\u1ea3n: s\u1ea3n ph\u1ea9m l\u00e0 m\u1eb7t n\u1ea1 t\u01b0\u01a1i n\u00ean c\u1ea7n \u0111\u01b0\u1ee3c b\u1ea3o qu\u1ea3n trong t\u1ee7 l\u1ea1nh sau khi m\u1edf n\u1eafp.<br \/>\n<strong>TH\u00d4NG TIN S\u1ea2N\u00a0PH\u1ea8M<\/strong><br \/>\n&#8211; Xu\u1ea5t x\u1ee9: H\u00e0n Qu\u1ed1c<br \/>\n&#8211; Th\u00e0nh ph\u1ea7n: Y\u1ebfn Fuciphaga H\u00e0n Qu\u1ed1c, chi\u1ebft xu\u1ea5t th\u1ea3o m\u1ed9c thi\u00ean nhi\u00ean<br \/>\n&#8211; Kh\u1ed1i l\u01b0\u1ee3ng t\u1ecbnh: 50mg<br \/>\n&#8211; Gi\u00e1 b\u00e1n: 390,000<br \/>\n&#8212;&#8212;&#8212;&#8212;&#8212;&#8212;&#8212;&#8212;&#8212;&#8212;&#8212;&#8212;&#8212;<br \/>\n<em>*Hi\u1ec7u qu\u1ea3 s\u1ea3n ph\u1ea9m t\u00f9y thu\u1ed9c t\u1eebng c\u01a1 \u0111\u1ecba v\u00e0 c\u00e1ch s\u1eed d\u1ee5ng \u0111\u00fang theo h\u01b0\u1edbng d\u1eabn<\/em><\/p>\n","protected":false},"excerpt":{"rendered":"<p>M\u1eb7t n\u1ea1 y\u1ebfn s\u00e0o YooNa \u0111\u01b0\u1ee3c chi\u1ebft xu\u1ea5t ho\u00e0n to\u00e0n t\u1eeb c\u00e1c nguy\u00ean li\u1ec7u thi\u00ean nhi\u00ean g\u1ed3m Y\u1ebfn Fuciphaga H\u00e0n Qu\u1ed1c v\u00e0 c\u00e1c lo\u1ea1i th\u1ea3o m\u1ed9c thi\u00ean nhi\u00ean d\u1ed3i d\u00e0o, c\u00e1c acid amin thi\u1ebft y\u1ebfu gi\u00fap c\u1ea5p \u1ea9m s\u00e2u, li\u00ean t\u1ee5c gi\u1eef \u1ea9m cho da sau 72 gi\u1edd s\u1eed d\u1ee5ng m\u00e0 kh\u00f4ng c\u00f3 m\u1ed9t lo\u1ea1i s\u1ea3n ph\u1ea9m n\u00e0o tr\u00ean th\u1ecb tr\u01b0\u1eddng so s\u00e1nh \u0111\u01b0\u1ee3c. S\u1eed d\u1ee5ng s\u1ea3n ph\u1ea9m \u0111\u1ec1u \u0111\u1eb7n \u0111\u00fang theo h\u01b0\u1edbng d\u1eabn \u0111\u1ec3 s\u1edf h\u1eefu m\u1ed9t l\u00e0n da kh\u00f4ng tu\u1ed5i t\u01b0\u01a1i tr\u1ebb, m\u1ecbn m\u00e0ng v\u00e0 kh\u1ecfe m\u1ea1nh.<\/p>\n","protected":false},"featured_media":1899,"comment_status":"closed","ping_status":"closed","template":"","meta":[],"_links":{"self":[{"href":"https:\/\/korea.com.vn\/shop\/wp-json\/wp\/v2\/product\/4961"}],"collection":[{"href":"https:\/\/korea.com.vn\/shop\/wp-json\/wp\/v2\/product"}],"about":[{"href":"https:\/\/korea.com.vn\/shop\/wp-json\/wp\/v2\/types\/product"}],"replies":[{"embeddable":true,"href":"https:\/\/korea.com.vn\/shop\/wp-json\/wp\/v2\/comments?post=4961"}],"wp:featuredmedia":[{"embeddable":true,"href":"https:\/\/korea.com.vn\/shop\/wp-json\/wp\/v2\/media\/1899"}],"wp:attachment":[{"href":"https:\/\/korea.com.vn\/shop\/wp-json\/wp\/v2\/media?parent=4961"}],"curies":[{"name":"wp","href":"https:\/\/api.w.org\/{rel}","templated":true}]}}