{"id":4971,"date":"2020-11-30T13:06:11","date_gmt":"2020-11-30T06:06:11","guid":{"rendered":"https:\/\/korea.com.vn\/shop\/san-pham\/import-placeholder-for-4845\/"},"modified":"2020-12-21T10:43:02","modified_gmt":"2020-12-21T03:43:02","slug":"gel-cap-nuoc-tuc-thi-genie-blue-pear-g9","status":"publish","type":"product","link":"https:\/\/korea.com.vn\/shop\/san-pham\/gel-cap-nuoc-tuc-thi-genie-blue-pear-g9\/","title":{"rendered":"Gel c\u1ea5p n\u01b0\u1edbc  BLUE PEARL SLEEPING MASK G9"},"content":{"rendered":"<p>K\u1ebft c\u1ea5u d\u1ea1ng gel trong, th\u1ea5m nhanh qua da , th\u00e0nh ph\u1ea7n chi\u1ebft xu\u1ea5t l\u00e0 #NG\u1eccC_TRAI_XANH TAHITI-\u00a0 l\u00e0m nhi\u1ec7m v\u1ee5 c\u1ea5p n\u01b0\u1edbc v\u00e0 nu\u00f4i d\u01b0\u1ee1ng da t\u1eeb c\u00e1c t\u1ea7ng s\u00e2u, k\u00edch th\u00edch t\u00e1i t\u1ea1o t\u1ebf\u00a0b\u00e0o m\u1edbi.<br \/>\nNg\u1ecdc trai xanh Tahiti l\u00e0 nh\u1eefng vi\u00ean ng\u1ecdc n\u01b0\u1edbc m\u1eb7n \u0111\u01b0\u1ee3c nu\u00f4i d\u01b0\u1ee1ng t\u1ef1 nhi\u00ean trong v\u1ecf tr\u00e2n ch\u00e2u c\u1ee7a lo\u00e0i s\u00f2 (h\u00e0u), 5 n\u0103m m\u1edbi nh\u1ea3\u00a0ng\u1ecdc m\u1ed9t l\u1ea7n n\u00ean th\u00e0nh ph\u1ea7n c\u1ef1c k\u1ef3\u00a0qu\u00fd hi\u1ebfm v\u1edbi r\u1ea5t nhi\u1ec1u c\u00f4ng d\u1ee5ng trong l\u00e0m \u0111\u1eb9p<br \/>\n<img src=\"https:\/\/vyparisspa.vn\/uploads\/editer\/images\/QLHajiwon%20299.jpg\" alt=\"\" \/><br \/>\nChi\u1ebft xu\u1ea5t &#8211; Aqua Osmoline \u2122, th\u00e0nh ph\u1ea7n \u0111\u1ed9c quy\u1ec1n \u0111\u01b0\u1ee3c \u0111\u01b0a v\u00e0o gi\u00fap t\u0103ng c\u01b0\u1eddng hydrat ho\u00e1, gi\u00fap da &#8220;u\u1ed1ng&#8221; n\u01b0\u1edbc d\u1ec5 d\u00e0ng h\u01a1n v\u00e0\u00a0lu\u00f4n duy tr\u00ec\u00a0c\u1ea3m gi\u00e1c t\u01b0\u01a1i m\u1edbi, d\u1ec5 ch\u1ecbu.Ch\u1ecb n\u00e0o hay trang \u0111i\u1ec3m th\u00ec b\u01b0\u1edbc gel n\u00e0y thay m\u1ed9t l\u1edbp l\u00f3t l\u00fd t\u01b0\u1edfng cho make up lu\u00f4n, n\u1ec1n da s\u1ebd kh\u00f4ng b\u1ecb m\u1ed1c tr\u1eafng, s\u1ea7n s\u00f9i n\u1eefa<br \/>\nS\u1ea3n ph\u1ea9m n\u00e0y kh\u00f4ng ch\u1ee9a ch\u1ea5t t\u1ea1o m\u00e0u, t\u1ea1o m\u00f9i, Kh\u00f4ng mu\u1ed1i nh\u00f4m ACH ,Kh\u00f4ng paraben, Kh\u00f4ng d\u1ea7u kho\u00e1ng, Kh\u00f4ng h\u1ea1t nano n\u00ean th\u00edch h\u1ee3p v\u1edbi l\u00e0n da c\u1ef1c k\u1ef3\u00a0nh\u1ea1y c\u1ea3m thu\u1ea7n khi\u1ebft lu\u00f4n \u1ea1<br \/>\n<img src=\"https:\/\/vyparisspa.vn\/uploads\/editer\/images\/QLHajiwon%20300.jpg\" alt=\"\" \/><\/p>\n","protected":false},"excerpt":{"rendered":"<p>K\u1ebft c\u1ea5u d\u1ea1ng gel trong, th\u1ea5m nhanh qua da , th\u00e0nh ph\u1ea7n chi\u1ebft xu\u1ea5t l\u00e0 #NG\u1eccC_TRAI_XANH TAHITI- l\u00e0m nhi\u1ec7m v\u1ee5 c\u1ea5p n\u01b0\u1edbc v\u00e0 nu\u00f4i d\u01b0\u1ee1ng da t\u1eeb c\u00e1c t\u1ea7ng s\u00e2u, k\u00edch th\u00edch t\u00e1i t\u1ea1o t\u1ebf b\u00e0o m\u1edbi. Ng\u1ecdc trai xanh Tahiti l\u00e0 nh\u1eefng vi\u00ean ng\u1ecdc n\u01b0\u1edbc m\u1eb7n \u0111\u01b0\u1ee3c nu\u00f4i d\u01b0\u1ee1ng t\u1ef1 nhi\u00ean trong v\u1ecf tr\u00e2n ch\u00e2u c\u1ee7a lo\u00e0i s\u00f2 (h\u00e0u), 5 n\u0103m m\u1edbi nh\u1ea3 ng\u1ecdc m\u1ed9t l\u1ea7n n\u00ean th\u00e0nh ph\u1ea7n c\u1ef1c k\u1ef3 qu\u00fd hi\u1ebfm v\u1edbi r\u1ea5t nhi\u1ec1u c\u00f4ng d\u1ee5ng trong l\u00e0m \u0111\u1eb9p<\/p>\n","protected":false},"featured_media":1919,"comment_status":"closed","ping_status":"closed","template":"","meta":[],"_links":{"self":[{"href":"https:\/\/korea.com.vn\/shop\/wp-json\/wp\/v2\/product\/4971"}],"collection":[{"href":"https:\/\/korea.com.vn\/shop\/wp-json\/wp\/v2\/product"}],"about":[{"href":"https:\/\/korea.com.vn\/shop\/wp-json\/wp\/v2\/types\/product"}],"replies":[{"embeddable":true,"href":"https:\/\/korea.com.vn\/shop\/wp-json\/wp\/v2\/comments?post=4971"}],"wp:featuredmedia":[{"embeddable":true,"href":"https:\/\/korea.com.vn\/shop\/wp-json\/wp\/v2\/media\/1919"}],"wp:attachment":[{"href":"https:\/\/korea.com.vn\/shop\/wp-json\/wp\/v2\/media?parent=4971"}],"curies":[{"name":"wp","href":"https:\/\/api.w.org\/{rel}","templated":true}]}}