{"id":4979,"date":"2020-11-30T13:06:12","date_gmt":"2020-11-30T06:06:12","guid":{"rendered":"https:\/\/korea.com.vn\/shop\/san-pham\/import-placeholder-for-4858\/"},"modified":"2020-12-21T10:30:25","modified_gmt":"2020-12-21T03:30:25","slug":"may-di-tinh-chat-genie","status":"publish","type":"product","link":"https:\/\/korea.com.vn\/shop\/san-pham\/may-di-tinh-chat-genie\/","title":{"rendered":"M\u00e1y \u0111i tinh ch\u1ea5t n\u00f3ng l\u1ea1nh UTRASONIC"},"content":{"rendered":"<p><strong>C\u00d4NG D\u1ee4NG N\u1ed4I B\u1eacT C\u1ee6A M\u00c1Y \u0110I TINH CH\u1ea4T GENIE<\/strong><br \/>\nB\u1eb1ng c\u01a1 ch\u1ebf ho\u1ea1t \u0111\u1ed9ng v\u1edbi c\u00e1c tia \u00e1nh s\u00e1ng \u0111\u1eb7c bi\u1ec7t, m\u00e1y Genie c\u00f3 c\u00f4ng d\u1ee5ng \u0111\u01b0a c\u00e1c tinh ch\u1ea5t dinh d\u01b0\u1ee1ng v\u00e0 vitamin\u00a0 v\u00e0o s\u00e2u b\u00ean trong da, gi\u00fap:<br \/>\n&#8211; Th\u00fac \u0111\u1ea9y tu\u1ea7n ho\u00e0n m\u00e1u ho\u1ea1t \u0111\u1ed9ng, lo\u1ea1i b\u1ecf \u0111\u1ed9c t\u1ed1, h\u1eafc s\u1eafc t\u1ed1 b\u00ean d\u01b0\u1edbi l\u1edbp th\u01b0\u1ee3ng b\u00ec.<br \/>\n&#8211; H\u1ed7 tr\u1ee3 ch\u1ed1ng n\u00e1m, tr\u1ecb m\u1ee5n, gi\u00fap da t\u01b0\u01a1i s\u00e1ng h\u1ed3ng h\u00e0o.<br \/>\n&#8211; T\u0103ng c\u01b0\u1eddng s\u1ea3n sinh collagen v\u00e0 t\u00e1i t\u1ea1o t\u1ebf b\u1ea1o da m\u1edbi, gi\u00fap da tr\u1ebb h\u00f3a, m\u1ecbn m\u00e0ng.<br \/>\n&#8211; L\u00e0m \u0111\u1ea7y c\u00e1c r\u00e3nh nh\u0103n, qu\u1ea7ng th\u00e2m v\u00e0 b\u1ecdng m\u1eaft.<br \/>\n&#8211; N\u00e2ng c\u01a1 m\u1eb7t, l\u00e0m s\u0103n ch\u1eafc v\u00e0 thon g\u1ecdn khu\u00f4n m\u1eb7t<br \/>\n<strong>M\u00c1Y \u0110I TINH CH\u1ea4T GENIE \u2013 THI\u1ebeT B\u1eca NH\u1eacP KH\u1ea8U CH\u1ea4T L\u01af\u1ee2NG &amp; AN TO\u00c0N T\u1eea H\u00c0N QU\u1ed0C<\/strong><br \/>\nC\u00f4ng ty Genie tr\u1ef1c thu\u1ed9c T\u1eadp \u0111o\u00e0n m\u1ef9 ph\u1ea9m DB Group danh ti\u1ebfng H\u00e0n Qu\u1ed1c\u00a0l\u00e0 c\u00f4ng ty th\u1ea9m m\u1ef9 uy t\u00edn trong ng\u00e0nh th\u1ea9m m\u1ef9 ch\u00e2u \u00c1. T\u1ea1i \u0111\u00e2y, kh\u00f4ng ch\u1ec9 nh\u1eefng c\u00f4ng ngh\u1ec7\u00a0 l\u00e0m \u0111\u1eb9p t\u00e2n ti\u1ebfn \u0111\u01b0\u1ee3c c\u1eadp nh\u1eadt, ph\u00e1t tri\u1ec3n m\u1ed7i ng\u00e0y, nh\u1eefng s\u1ea3n ph\u1ea9m m\u1ef9 ph\u1ea9m l\u00e0m \u0111\u1eb9p an to\u00e0n v\u00e0\u00a0 hi\u1ec7u qu\u1ea3 cao l\u1ea7n l\u01b0\u1ee3t ra \u0111\u1eddi m\u00e0 c\u00f2n d\u1eabn \u0111\u1ea7u v\u1edbi nh\u1eefng thi\u1ebft b\u1ecb ch\u0103m s\u00f3c da hi\u1ec7n \u0111\u1ea1i v\u1edbi nhi\u1ec1u c\u00f4ng d\u1ee5ng \u01b0u vi\u1ec7t gi\u00fap ng\u01b0\u1eddi ti\u00eau d\u00f9ng c\u00f3 th\u1ec3 d\u1ec5 d\u00e0ng s\u1eed d\u1ee5ng v\u00e0 khai th\u00e1c t\u1ed1i \u0111a nh\u1eefng t\u00e1c d\u1ee5ng t\u1eeb m\u1ef9 ph\u1ea9m ch\u0103m s\u00f3c da.<br \/>\nK\u1ebf th\u1eeba nh\u1eefng tinh hoa \u0111\u00f3 m\u1ed9t c\u00e1ch c\u00f3 ch\u1ecdn l\u1ecdc, H\u1ecdc vi\u1ec7n Th\u1ea9m M\u1ef9 H\u00e0n Qu\u1ed1c h\u00e0ng \u0111\u1ea7u Vi\u1ec7t Nam Vyparis \u0111\u00e3 nhanh ch\u00f3ng nh\u1eadp kh\u1ea9u chi\u1ebfc m\u00e1y \u0111i tinh ch\u1ea5t Genie nh\u1eb1m \u0111\u00e1p \u1ee9ng nhu c\u1ea7u l\u00e0m \u0111\u1eb9p ng\u00e0y c\u00e0ng cao c\u1ee7a kh\u00e1ch h\u00e0ng trong n\u01b0\u1edbc.<br \/>\nV\u1edbi c\u01a1 ch\u1ebf ho\u1ea1t \u0111\u1ed9ng \u0111\u1eb7c bi\u1ec7t, m\u00e1y \u0111i tinh ch\u1ea5t Genie gi\u00fap \u0111\u01b0a c\u00e1c d\u01b0\u1ee1ng ch\u1ea5t \u0111i s\u00e2u v\u00e0o b\u00ean trong t\u1eadn l\u1edbp trung h\u1ea1 b\u00ec da, n\u00e2ng m\u1ee9c h\u1ea5p thu d\u01b0\u1ee1ng ch\u1ea5t l\u00ean g\u1ea5p nhi\u1ec1u l\u1ea7n so v\u1edbi h\u00ecnh th\u1ee9c d\u01b0\u1ee1ng da, \u0111i\u1ec1u tr\u1ecb da th\u00f4ng th\u01b0\u1eddng. Nh\u1edd \u0111\u00f3 m\u00e0 hi\u1ec7u qu\u1ea3 d\u01b0\u1ee1ng da \u0111\u1ea1t \u0111\u01b0\u1ee3c t\u1ed1i \u01b0u h\u01a1n v\u00e0 nhanh h\u01a1n.<br \/>\n<img src=\"https:\/\/vyparisspa.vn\/uploads\/editer\/images\/may-di-tinh-chat-giene.jpg\" alt=\"\" \/><br \/>\n<strong>H\u01af\u1edaNG D\u1eaaN S\u1eec D\u1ee4NG M\u00c1Y \u0110I TINH CH\u1ea4T GENIE<\/strong><br \/>\n&#8211; L\u00e0m s\u1ea1ch s\u00e2u da m\u1eb7t\u00a0 b\u1eb1ng n\u01b0\u1edbc \u1ea5m ho\u1eb7c \u00a0c\u00f3 th\u1ec3 x\u00f4ng h\u01a1i n\u00f3ng sau \u0111\u00f3 kho\u1ea3ng 3 ph\u00fat r\u1eeda l\u1ea1i b\u1eb1ng n\u01b0\u1edbc s\u1ea1ch.<br \/>\n&#8211; D\u00f9ng gel ch\u0103m s\u00f3c da b\u00f4i l\u00ean v\u00f9ng da c\u1ea7n ch\u1ea1y m\u00e1y \u0111i tinh ch\u1ea5t Genie.<br \/>\n&#8211; M\u1edf m\u00e1y v\u00e0 r\u00e0 nh\u1eb9 nh\u00e0ng l\u00ean v\u00f9ng da m\u1edbi thoa gel theo h\u01b0\u1edbng t\u1eeb trong ra ngo\u00e0i, t\u1eeb d\u01b0\u1edbi l\u00ean tr\u00ean theo h\u00ecnh v\u00f2ng tr\u00f2n.<br \/>\n&#8211; R\u1eeda m\u1eb7t l\u1ea1i b\u1eb1ng n\u01b0\u1edbc s\u1ea1ch v\u00e0 massage nh\u1eb9 nh\u00e0ng to\u00e0n b\u1ed9 khu\u00f4n m\u1eb7t kho\u1ea3ng v\u00e0i ph\u00fat nh\u1eb1m gi\u00fap t\u0103ng c\u01b0\u1eddng tu\u1ea7n ho\u00e0n m\u00e1u v\u00e0 b\u1ea1ch huy\u1ebft m\u1ee1 th\u1eeba, k\u00edch th\u00edch c\u01a1 ch\u1ebf t\u1ef1 \u0111\u00e0o th\u1ea3i \u0111\u1ed9c t\u1ed1 b\u00ean d\u01b0\u1edbi da ra ngo\u00e0i.<br \/>\n&#8211; Ti\u1ebfp t\u1ee5c \u0111i tinh ch\u1ea5t t\u1eeb c\u00e1c s\u1ea3n ph\u1ea9m d\u01b0\u1ee1ng da hay \u0111\u1eb7c tr\u1ecb kh\u00e1c nh\u01b0 c\u00e1ch v\u1eeba th\u1ef1c hi\u1ec7n \u1edf tr\u00ean trong kho\u1ea3ng 20 \u2013 30 ph\u00fat theo c\u00e1c ch\u1ee9c n\u0103ng tr\u00ean m\u00e1y\u00a0 \u0111\u1ec3 \u0111\u1ea1t hi\u1ec7u qu\u1ea3 cao nh\u1ea5t.<br \/>\n&#8211; Ti\u1ebfp t\u1ee5c massage m\u1eb7t gi\u00fap da th\u01b0 gi\u00e3n, s\u0103n ch\u1eafc\u00a0 sau khi t\u1eaft m\u00e1y, r\u00fat ngu\u1ed3n \u0111i\u1ec7n.<br \/>\n&#8211; Sau khi th\u1ef1c hi\u1ec7n ch\u0103m s\u00f3c da b\u0103ng m\u00e1y \u0111i tinh ch\u1ea5t Genie, d\u00f9ng kh\u0103n kh\u00f4 s\u1ea1ch v\u00e0 m\u1ec1m \u0111\u1ec3 v\u1ec7 sinh nh\u1eb9 nh\u00e0ng v\u00f9ng \u0111\u1ea7u si\u00eau \u00e2m\u00a0 \u0111\u1ec3 b\u1ea3o qu\u1ea3n m\u00e1y.<br \/>\n<strong>TH\u00d4NG TIN S\u1ea2N PH\u1ea8M<\/strong><br \/>\n&#8211; Xu\u1ea5t x\u1ee9: nh\u1eadp kh\u1ea9u tr\u1ef1c ti\u1ebfp nguy\u00ean chi\u1ebfc t\u1eeb c\u00f4ng ty Genie H\u00e0n Qu\u1ed1c<br \/>\n&#8211; Gi\u00e1 b\u00e1n: 2,500,000\/m\u00e1y<br \/>\n<img src=\"https:\/\/vyparisspa.vn\/uploads\/editer\/images\/mayditinhchat.JPG\" alt=\"\" \/><br \/>\nM\u1ed9t l\u00e0n da \u0111\u1eb9p b\u1ec1n v\u1eefng v\u00e0 an to\u00e0n c\u1ea7n m\u1ed9t ch\u1ebf \u0111\u1ed9 ch\u0103m s\u00f3c da \u0111\u00fang \u0111\u1eafn, khoa h\u1ecdc v\u00e0 nh\u1eefng s\u1ea3n ph\u1ea9m ch\u0103m s\u00f3c da ph\u00f9 h\u1ee3p. B\u00ean c\u1ea1nh \u0111\u00f3 kh\u00f4ng th\u1ec3 thi\u1ebfu nh\u1eefng d\u1ee5ng c\u1ee5 h\u1ed7 tr\u1ee3 hi\u1ec7u qu\u1ea3 gi\u00fap b\u1ea1n c\u00f3 th\u1ec3 d\u1ec5 d\u00e0ng th\u1ef1c hi\u1ec7n ngay t\u1ea1i nh\u00e0 b\u1ea5t c\u1ee9 khi n\u00e0o m\u00e0 kh\u00f4ng c\u1ea7n t\u1ed1n nhi\u1ec1u th\u1eddi gian, c\u00f4ng s\u1ee9c \u0111\u1ec3 \u0111\u1ebfn v\u1edbi Spa. M\u00e1y \u0111i tinh ch\u1ea5t Genie ch\u00ednh l\u00e0 c\u00f4ng c\u1ee5 b\u1ea1n c\u1ea7n n\u00ean c\u00f3 m\u00e0 ch\u00fang t\u00f4i mu\u1ed1n nh\u1eafc \u0111\u1ebfn, nh\u1ea5t l\u00e0 v\u1edbi nh\u1eefng ch\u1ecb em kh\u00f4ng c\u00f3 th\u1eddi gian \u0111\u1ebfn v\u1edbi Spa ch\u0103m s\u00f3c da \u0111\u1ecbnh k\u1ef3.<\/p>\n","protected":false},"excerpt":{"rendered":"<p>M\u00e1y \u0111i tinh ch\u1ea5t Genie l\u00e0 thi\u1ebft b\u1ecb ch\u0103m s\u00f3c da c\u1ea7m tay \u0111\u01b0\u1ee3c nh\u1eadp kh\u1ea9u nguy\u00ean chi\u1ebfc t\u1eeb c\u00f4ng ty Genie c\u00f3 c\u00f4ng d\u1ee5ng n\u1ed5i b\u1eadt trong vi\u1ec7c t\u0103ng c\u01b0\u1eddng \u0111\u01b0a c\u00e1c d\u01b0\u1ee1ng ch\u1ea5t ch\u0103m s\u00f3c da \u0111i s\u00e2u v\u00e0o b\u00ean trong m\u1ed9t c\u00e1ch t\u1ed1i \u01b0u v\u00e0 \u0111\u1ea1t hi\u1ec7u qu\u1ea3 ch\u0103m s\u00f3c da cao nh\u1ea5t. M\u00e1y \u0111i tinh ch\u1ea5t Genie c\u00f2n \u0111\u1eb7c bi\u1ec7t h\u01a1n n\u1eefa \u1edf c\u00f4ng d\u1ee5ng l\u00e0m tr\u1eafng h\u1ed3ng da v\u00e0 n\u00e2ng c\u01a1, gi\u00fap da s\u0103n ch\u1eafc thon g\u1ecdn.<\/p>\n","protected":false},"featured_media":1935,"comment_status":"closed","ping_status":"closed","template":"","meta":[],"_links":{"self":[{"href":"https:\/\/korea.com.vn\/shop\/wp-json\/wp\/v2\/product\/4979"}],"collection":[{"href":"https:\/\/korea.com.vn\/shop\/wp-json\/wp\/v2\/product"}],"about":[{"href":"https:\/\/korea.com.vn\/shop\/wp-json\/wp\/v2\/types\/product"}],"replies":[{"embeddable":true,"href":"https:\/\/korea.com.vn\/shop\/wp-json\/wp\/v2\/comments?post=4979"}],"wp:featuredmedia":[{"embeddable":true,"href":"https:\/\/korea.com.vn\/shop\/wp-json\/wp\/v2\/media\/1935"}],"wp:attachment":[{"href":"https:\/\/korea.com.vn\/shop\/wp-json\/wp\/v2\/media?parent=4979"}],"curies":[{"name":"wp","href":"https:\/\/api.w.org\/{rel}","templated":true}]}}