{"id":5079,"date":"2020-12-17T15:43:46","date_gmt":"2020-12-17T08:43:46","guid":{"rendered":"https:\/\/korea.com.vn\/shop\/?post_type=product&#038;p=5079"},"modified":"2020-12-21T10:44:34","modified_gmt":"2020-12-21T03:44:34","slug":"may-trie%cc%a3%cc%82t-lo%cc%82ng-laser-ipl-ta%cc%a3i-nha-genie","status":"publish","type":"product","link":"https:\/\/korea.com.vn\/shop\/san-pham\/may-trie%cc%a3%cc%82t-lo%cc%82ng-laser-ipl-ta%cc%a3i-nha-genie\/","title":{"rendered":"Ma\u0301y trie\u0323\u0302t lo\u0302ng Laser IPL ta\u0323i nha\u0300 GENIE"},"content":{"rendered":"<p>M\u00e1y tri\u1ec7t l\u00f4ng Laser IPL t\u1ea1i nh\u00e0 GENIE<\/p>\n<p>M\u00e1y tri\u1ec7t l\u00f4ng GENIE s\u1eed d\u1ee5ng c\u00f4ng ngh\u1ec7 \u00e1nh s\u00e1ng IPL, l\u00e0 c\u00f4ng ngh\u1ec7 tri\u1ec7t l\u00f4ng v\u0129nh vi\u1ec5n b\u1eb1ng xung \u00e1nh s\u00e1ng, \u0111\u01b0\u1ee3c FDA Hoa K\u1ef3 ch\u1ee9ng nh\u1eadn hi\u1ec7u qu\u1ea3 v\u00e0 an to\u00e0n<\/p>\n<p>M\u00e1y c\u00f3 b\u01b0\u1edbc s\u00f3ng 1100nm m\u1ea1nh nh\u1ea5t tr\u00ean th\u1ecbtr\u01b0\u1eddng, \u0111\u00e2y l\u00e0 ch\u00f9m \u00e1nh s\u00e1ng th\u00e2m nh\u1eadp v\u00e0o th\u00f4ng qua l\u1edbp bi\u1ec3u b\u00ec v\u00e0o l\u1edbp h\u1ea1 b\u00ec t\u1eeb \u0111\u00f3 h\u1ea5p th\u1ee5 b\u1edfi melanin trong nang l\u00f4ng, s\u1ea3n xu\u1ea5t hi\u1ec7u \u1ee9ng nhi\u1ec7t, v\u00e0 \u00e1nh s\u00e1ng \u0111\u00f3 \u0111\u01b0\u1ee3c h\u1ea5p th\u1ee5 v\u00e0 chuy\u1ec3n \u0111\u1ed5i th\u00e0nh nhi\u1ec7t l\u00e0m t\u1ed5n h\u1ea1i \u0111\u1ebfn nang l\u00f4ng v\u00ec th\u1ebf m\u00e0 c\u00f3 hi\u1ec7u qu\u1ea3 tri\u1ec7t l\u00f4ng kh\u00f4ng \u0111au, r\u1ea5t an to\u00e0n nh\u1ea5t<\/p>\n<p>C\u00f4ng d\u1ee5ng :<\/p>\n<p>&#8211; Lo\u1ea1i b\u1ecf ho\u00e0n to\u00e0n l\u00f4ng tr\u00ean c\u00e1c v\u00f9ng nh\u01b0 : r\u00e2u, n\u00e1ch, tay, ch\u00e2n, body&#8230;<\/p>\n<p>&#8211; Ch\u1ee9c n\u0103ng tri\u1ec7t l\u00f4ng ho\u00e0n to\u00e0n v\u0129nh vi\u1ec5n cho c\u1ea3 nam v\u00e0 n\u1eef gi\u1edbi<\/p>\n<p>&#8211; Tr\u1ebb h\u00f3a da gi\u00fap da s\u00e1ng b\u00f3ng v\u00e0 m\u1ecbn m\u00e0ng.<\/p>\n<p>Hi\u1ec7u qu\u1ea3 tri\u1ec7t l\u00f4ng l\u00e0 t\u1ed1t nh\u1ea5t \u0111\u1ed1i v\u1edbi nh\u1eefng ng\u01b0\u1eddi da tr\u1eafng ,l\u00f4ng \u0111en , d\u1ea7y<\/p>\n<p>H\u01b0\u1edbng d\u1eabn s\u1eed d\u1ee5ng:<\/p>\n<p>8 li\u1ec7u tr\u00ecnh s\u1eed d\u1ee5ng c\u01a1 b\u1ea3n cho da th\u01b0\u1eddng nh\u01b0 sau :<\/p>\n<p>&#8211; 4 li\u1ec7u tr\u00ecnh \u0111\u1ea7u : b\u1eafn xung khi l\u00f4ng m\u1ecdc l\u1ea1i kho\u1ea3ng 2-3mm, tu\u1ef3 c\u01a1 \u0111\u1ecba m\u1ed7i ng\u01b0\u1eddi m\u00e0 th\u1eddi gian khi n\u00e0o m\u1ecdc l\u1ea1i s\u1ebd kh\u00e1c nhau.<\/p>\n<p>&#8211; 4 li\u1ec7u tr\u00ecnh sau : th\u1ef1c hi\u1ec7n 2 tu\u1ea7n\/1 l\u1ea7n<\/p>\n<p>1. L\u00e0m s\u1ea1ch v\u00f9ng da c\u1ea7n tri\u1ec7t l\u00f4ng, d\u00f9ng dao c\u1ea1o c\u1ea1o s\u01a1.<\/p>\n<p>2. K\u1ebft n\u1ed1i s\u1ea3n ph\u1ea9m v\u1edbi ngu\u1ed3n \u0111i\u1ec7n.<\/p>\n<p>3. Nh\u1ea5n gi\u1eef 2 gi\u00e2y \u0111\u1ec3 m\u1edf ngu\u1ed3n, nh\u1ea5n nh\u1ec7 \u0111\u1ec3 \u0111i\u1ec1u ch\u1ec9nh m\u1ee9c \u0111\u1ed9 th\u00edch h\u1ee3p<\/p>\n<p>4. Nh\u1ea5n gi\u1eef 2 gi\u00e2y \u0111\u1ec3 \u0111i\u1ec1u ch\u1ec9nh ch\u1ebf \u0111\u1ed9 t\u1ef1 \u0111\u1ed9ng\/th\u1ee7 c\u00f4ng<\/p>\n<p>5. Gi\u1eef th\u00e2n m\u00e1y vu\u00f4ng g\u00f3c v\u1edbi b\u1ec1 m\u1eb7t da v\u00e0 b\u1eaft \u0111\u1ea7u s\u1eed d\u1ee5ng<\/p>\n<p>Xu\u1ea5t x\u1ee9 : H\u00e0n Qu\u1ed1c<\/p>\n<p>\u0110i\u1ec7n \u00e1p : 100-240V<\/p>\n<p>Ch\u1ea5t li\u1ec7u : ABS<\/p>\n<p>D\u00f2ng \u0111i\u1ec7n : 2A<\/p>\n<p>Tr\u1ecdng l\u01b0\u1ee3ng: 226G<\/p>\n<p>Ph\u01b0\u01a1ng th\u1ee9c bi\u1ec3u th\u1ecb: bi\u1ec3u th\u1ecb m\u00e0n h\u00ecnh LCD<\/p>\n<p>C\u00f4ng su\u1ea5t : 24W<\/p>\n<p>B\u01b0\u1edbc s\u00f3ng: 570nm &#8211; 1100nm<\/p>\n","protected":false},"excerpt":{"rendered":"<p>M\u00e1y tri\u1ec7t l\u00f4ng Laser IPL t\u1ea1i nh\u00e0 GENIE M\u00e1y tri\u1ec7t l\u00f4ng GENIE s\u1eed d\u1ee5ng c\u00f4ng ngh\u1ec7 \u00e1nh s\u00e1ng IPL, l\u00e0 c\u00f4ng ngh\u1ec7 tri\u1ec7t l\u00f4ng v\u0129nh vi\u1ec5n b\u1eb1ng xung \u00e1nh s\u00e1ng, \u0111\u01b0\u1ee3c FDA Hoa K\u1ef3 ch\u1ee9ng nh\u1eadn hi\u1ec7u qu\u1ea3 v\u00e0 an to\u00e0n M\u00e1y c\u00f3 b\u01b0\u1edbc s\u00f3ng 1100nm m\u1ea1nh nh\u1ea5t tr\u00ean th\u1ecbtr\u01b0\u1eddng, \u0111\u00e2y l\u00e0 ch\u00f9m \u00e1nh s\u00e1ng [&hellip;]<\/p>\n","protected":false},"featured_media":5082,"comment_status":"open","ping_status":"closed","template":"","meta":[],"_links":{"self":[{"href":"https:\/\/korea.com.vn\/shop\/wp-json\/wp\/v2\/product\/5079"}],"collection":[{"href":"https:\/\/korea.com.vn\/shop\/wp-json\/wp\/v2\/product"}],"about":[{"href":"https:\/\/korea.com.vn\/shop\/wp-json\/wp\/v2\/types\/product"}],"replies":[{"embeddable":true,"href":"https:\/\/korea.com.vn\/shop\/wp-json\/wp\/v2\/comments?post=5079"}],"wp:featuredmedia":[{"embeddable":true,"href":"https:\/\/korea.com.vn\/shop\/wp-json\/wp\/v2\/media\/5082"}],"wp:attachment":[{"href":"https:\/\/korea.com.vn\/shop\/wp-json\/wp\/v2\/media?parent=5079"}],"curies":[{"name":"wp","href":"https:\/\/api.w.org\/{rel}","templated":true}]}}